Last updated on 2024-04-17 22:59:51 CEST.
Flavor | Version | Tinstall | Tcheck | Ttotal | Status | Flags |
---|---|---|---|---|---|---|
r-devel-linux-x86_64-debian-clang | 1.0.1 | 48.74 | 81.16 | 129.90 | NOTE | |
r-devel-linux-x86_64-debian-gcc | 1.0.1 | 34.18 | 61.95 | 96.13 | NOTE | |
r-devel-linux-x86_64-fedora-clang | 1.0.1 | 185.87 | NOTE | |||
r-devel-linux-x86_64-fedora-gcc | 1.0.1 | 180.55 | NOTE | |||
r-prerel-macos-arm64 | 1.0.1 | 52.00 | NOTE | |||
r-prerel-windows-x86_64 | 1.0.1 | 42.00 | 103.00 | 145.00 | NOTE | |
r-patched-linux-x86_64 | 1.0.1 | 45.63 | 79.82 | 125.45 | NOTE | |
r-release-linux-x86_64 | 1.0.1 | 36.89 | 76.96 | 113.85 | OK | |
r-release-macos-arm64 | 1.0.1 | 57.00 | OK | |||
r-release-macos-x86_64 | 1.0.1 | 90.00 | OK | |||
r-release-windows-x86_64 | 1.0.1 | 50.00 | 120.00 | 170.00 | OK | |
r-oldrel-macos-arm64 | 1.0.1 | 54.00 | OK | |||
r-oldrel-windows-x86_64 | 1.0.1 | 49.00 | 121.00 | 170.00 | OK |
Version: 1.0.1
Check: Rd files
Result: NOTE
checkRd: (-1) read_edf.Rd:32: Lost braces
32 | code{TRUE}}
| ^
checkRd: (-1) read_edf.Rd:35: Lost braces
35 | code{TRUE}}
| ^
Flavors: r-devel-linux-x86_64-debian-clang, r-devel-linux-x86_64-debian-gcc, r-devel-linux-x86_64-fedora-clang, r-devel-linux-x86_64-fedora-gcc, r-prerel-macos-arm64, r-prerel-windows-x86_64, r-patched-linux-x86_64