CRAN Package Check Results for Package ezcox

Last updated on 2021-08-02 22:54:28 CEST.

Flavor Version Tinstall Tcheck Ttotal Status Flags
r-devel-linux-x86_64-debian-clang 0.8.1 9.41 127.08 136.49 NOTE
r-devel-linux-x86_64-debian-gcc 0.8.1 8.28 94.24 102.52 NOTE
r-devel-linux-x86_64-fedora-clang 0.8.1 168.28 NOTE
r-devel-linux-x86_64-fedora-gcc 0.8.1 157.05 NOTE
r-devel-windows-x86_64 0.8.1 35.00 166.00 201.00 NOTE
r-devel-windows-x86_64-gcc10-UCRT 0.8.1 NOTE
r-patched-linux-x86_64 0.8.1 NOTE
r-patched-solaris-x86 0.8.1 220.60 NOTE
r-release-linux-x86_64 0.8.1 9.18 118.07 127.25 NOTE
r-release-macos-arm64 0.8.1 WARN
r-release-macos-x86_64 0.8.1 NOTE
r-release-windows-ix86+x86_64 0.8.1 22.00 161.00 183.00 NOTE
r-oldrel-macos-x86_64 0.8.1 OK
r-oldrel-windows-ix86+x86_64 0.8.1 36.00 169.00 205.00 OK

Check Details

Version: 0.8.1
Check: LazyData
Result: NOTE
     'LazyData' is specified without a 'data' directory
Flavors: r-devel-linux-x86_64-debian-clang, r-devel-linux-x86_64-debian-gcc, r-devel-linux-x86_64-fedora-clang, r-devel-linux-x86_64-fedora-gcc, r-devel-windows-x86_64, r-devel-windows-x86_64-gcc10-UCRT, r-patched-linux-x86_64, r-patched-solaris-x86, r-release-linux-x86_64, r-release-macos-arm64, r-release-macos-x86_64, r-release-windows-ix86+x86_64

Version: 0.8.1
Check: re-building of vignette outputs
Result: WARN
    Error(s) in re-building vignettes:
    --- re-building ‘ezcox.Rmd’ using rmarkdown
    Warning in engine$weave(file, quiet = quiet, encoding = enc) :
     Pandoc (>= 1.12.3) not available. Falling back to R Markdown v1.
    Quitting from lines 104-109 (ezcox.Rmd)
    Error: processing vignette 'ezcox.Rmd' failed with diagnostics:
    polygon edge not found
    --- failed re-building ‘ezcox.Rmd’
    
    --- re-building ‘ezforest.Rmd’ using rmarkdown
    Warning in engine$weave(file, quiet = quiet, encoding = enc) :
     Pandoc (>= 1.12.3) not available. Falling back to R Markdown v1.
    Quitting from lines 22-34 (ezforest.Rmd)
    Error: processing vignette 'ezforest.Rmd' failed with diagnostics:
    polygon edge not found
    --- failed re-building ‘ezforest.Rmd’
    
    --- re-building ‘ezgroup.Rmd’ using rmarkdown
    Warning in engine$weave(file, quiet = quiet, encoding = enc) :
     Pandoc (>= 1.12.3) not available. Falling back to R Markdown v1.
    Quitting from lines 23-27 (ezgroup.Rmd)
    Error: processing vignette 'ezgroup.Rmd' failed with diagnostics:
    polygon edge not found
    --- failed re-building ‘ezgroup.Rmd’
    
    SUMMARY: processing the following files failed:
     ‘ezcox.Rmd’ ‘ezforest.Rmd’ ‘ezgroup.Rmd’
    
    Error: Vignette re-building failed.
    Execution halted
Flavor: r-release-macos-arm64