CRAN Package Check Results for Package fAsianOptions

Last updated on 2021-07-31 22:53:29 CEST.

Flavor Version Tinstall Tcheck Ttotal Status Flags
r-devel-linux-x86_64-debian-clang 3042.82 10.88 64.21 75.09 NOTE
r-devel-linux-x86_64-debian-gcc 3042.82 8.84 49.65 58.49 NOTE
r-devel-linux-x86_64-fedora-clang 3042.82 98.50 NOTE
r-devel-linux-x86_64-fedora-gcc 3042.82 88.93 NOTE
r-devel-windows-x86_64 3042.82 12.00 87.00 99.00 NOTE
r-devel-windows-x86_64-gcc10-UCRT 3042.82 NOTE
r-patched-linux-x86_64 3042.82 NOTE
r-patched-solaris-x86 3042.82 119.90 NOTE
r-release-linux-x86_64 3042.82 9.44 62.74 72.18 NOTE
r-release-macos-arm64 3042.82 NOTE
r-release-macos-x86_64 3042.82 NOTE
r-release-windows-ix86+x86_64 3042.82 27.00 77.00 104.00 NOTE
r-oldrel-macos-x86_64 3042.82 OK
r-oldrel-windows-ix86+x86_64 3042.82 17.00 111.00 128.00 OK

Check Details

Version: 3042.82
Check: LazyData
Result: NOTE
     'LazyData' is specified without a 'data' directory
Flavors: r-devel-linux-x86_64-debian-clang, r-devel-linux-x86_64-debian-gcc, r-devel-linux-x86_64-fedora-clang, r-devel-linux-x86_64-fedora-gcc, r-devel-windows-x86_64, r-devel-windows-x86_64-gcc10-UCRT, r-patched-linux-x86_64, r-patched-solaris-x86, r-release-linux-x86_64, r-release-macos-arm64, r-release-macos-x86_64, r-release-windows-ix86+x86_64

Version: 3042.82
Check: compiled code
Result: NOTE
    File ‘fAsianOptions/libs/fAsianOptions.so’:
     Found no calls to: ‘R_registerRoutines’, ‘R_useDynamicSymbols’
    
    It is good practice to register native routines and to disable symbol
    search.
    
    See ‘Writing portable packages’ in the ‘Writing R Extensions’ manual.
Flavors: r-devel-linux-x86_64-fedora-clang, r-devel-linux-x86_64-fedora-gcc