CRAN Package Check Results for Package fAssets

Last updated on 2021-10-19 22:53:54 CEST.

Flavor Version Tinstall Tcheck Ttotal Status Flags
r-devel-linux-x86_64-debian-clang 3042.84 9.23 79.22 88.45 NOTE
r-devel-linux-x86_64-debian-gcc 3042.84 7.91 61.28 69.19 NOTE
r-devel-linux-x86_64-fedora-clang 3042.84 118.32 NOTE
r-devel-linux-x86_64-fedora-gcc 3042.84 108.16 NOTE
r-devel-windows-x86_64 3042.84 18.00 103.00 121.00 NOTE
r-devel-windows-x86_64-gcc10-UCRT 3042.84 NOTE
r-patched-linux-x86_64 3042.84 6.64 77.04 83.68 NOTE
r-patched-solaris-x86 3042.84 152.60 NOTE
r-release-linux-x86_64 3042.84 10.90 77.67 88.57 NOTE
r-release-macos-arm64 3042.84 NOTE
r-release-macos-x86_64 3042.84 NOTE
r-release-windows-ix86+x86_64 3042.84 14.00 105.00 119.00 NOTE
r-oldrel-macos-x86_64 3042.84 OK
r-oldrel-windows-ix86+x86_64 3042.84 24.00 95.00 119.00 OK

Check Details

Version: 3042.84
Check: LazyData
Result: NOTE
     'LazyData' is specified without a 'data' directory
Flavors: r-devel-linux-x86_64-debian-clang, r-devel-linux-x86_64-debian-gcc, r-devel-linux-x86_64-fedora-clang, r-devel-linux-x86_64-fedora-gcc, r-devel-windows-x86_64, r-devel-windows-x86_64-gcc10-UCRT, r-patched-linux-x86_64, r-patched-solaris-x86, r-release-linux-x86_64, r-release-macos-arm64, r-release-macos-x86_64, r-release-windows-ix86+x86_64