CRAN Package Check Results for Package fAssets

Last updated on 2021-08-04 22:55:12 CEST.

Flavor Version Tinstall Tcheck Ttotal Status Flags
r-devel-linux-x86_64-debian-clang 3042.84 11.05 81.64 92.69 NOTE
r-devel-linux-x86_64-debian-gcc 3042.84 8.17 62.69 70.86 NOTE
r-devel-linux-x86_64-fedora-clang 3042.84 118.19 NOTE
r-devel-linux-x86_64-fedora-gcc 3042.84 107.60 NOTE
r-devel-windows-x86_64 3042.84 11.00 104.00 115.00 NOTE
r-devel-windows-x86_64-gcc10-UCRT 3042.84 NOTE
r-patched-linux-x86_64 3042.84 10.41 78.83 89.24 NOTE
r-patched-solaris-x86 3042.84 160.20 NOTE
r-release-linux-x86_64 3042.84 10.01 79.07 89.08 NOTE
r-release-macos-arm64 3042.84 NOTE
r-release-macos-x86_64 3042.84 NOTE
r-release-windows-ix86+x86_64 3042.84 21.00 73.00 94.00 NOTE
r-oldrel-macos-x86_64 3042.84 OK
r-oldrel-windows-ix86+x86_64 3042.84 14.00 99.00 113.00 OK

Check Details

Version: 3042.84
Check: LazyData
Result: NOTE
     'LazyData' is specified without a 'data' directory
Flavors: r-devel-linux-x86_64-debian-clang, r-devel-linux-x86_64-debian-gcc, r-devel-linux-x86_64-fedora-clang, r-devel-linux-x86_64-fedora-gcc, r-devel-windows-x86_64, r-devel-windows-x86_64-gcc10-UCRT, r-patched-linux-x86_64, r-patched-solaris-x86, r-release-linux-x86_64, r-release-macos-arm64, r-release-macos-x86_64, r-release-windows-ix86+x86_64