CRAN Package Check Results for Package fBonds

Last updated on 2021-08-03 22:53:21 CEST.

Flavor Version Tinstall Tcheck Ttotal Status Flags
r-devel-linux-x86_64-debian-clang 3042.78 5.93 48.06 53.99 NOTE
r-devel-linux-x86_64-debian-gcc 3042.78 4.18 36.87 41.05 NOTE
r-devel-linux-x86_64-fedora-clang 3042.78 72.36 NOTE
r-devel-linux-x86_64-fedora-gcc 3042.78 61.53 NOTE
r-devel-windows-x86_64 3042.78 7.00 68.00 75.00 NOTE
r-devel-windows-x86_64-gcc10-UCRT 3042.78 NOTE
r-patched-linux-x86_64 3042.78 4.60 48.03 52.63 NOTE
r-patched-solaris-x86 3042.78 89.50 NOTE
r-release-linux-x86_64 3042.78 4.79 46.84 51.63 NOTE
r-release-macos-arm64 3042.78 NOTE
r-release-macos-x86_64 3042.78 NOTE
r-release-windows-ix86+x86_64 3042.78 12.00 48.00 60.00 NOTE
r-oldrel-macos-x86_64 3042.78 OK
r-oldrel-windows-ix86+x86_64 3042.78 11.00 68.00 79.00 OK

Check Details

Version: 3042.78
Check: LazyData
Result: NOTE
     'LazyData' is specified without a 'data' directory
Flavors: r-devel-linux-x86_64-debian-clang, r-devel-linux-x86_64-debian-gcc, r-devel-linux-x86_64-fedora-clang, r-devel-linux-x86_64-fedora-gcc, r-devel-windows-x86_64, r-devel-windows-x86_64-gcc10-UCRT, r-patched-linux-x86_64, r-patched-solaris-x86, r-release-linux-x86_64, r-release-macos-arm64, r-release-macos-x86_64, r-release-windows-ix86+x86_64