CRAN Package Check Results for Package fCertificates

Last updated on 2021-09-23 22:55:53 CEST.

Flavor Version Tinstall Tcheck Ttotal Status Flags
r-devel-linux-x86_64-debian-clang 0.5-4 7.62 56.64 64.26 NOTE
r-devel-linux-x86_64-debian-gcc 0.5-4 5.66 43.39 49.05 NOTE
r-devel-linux-x86_64-fedora-clang 0.5-4 84.11 NOTE
r-devel-linux-x86_64-fedora-gcc 0.5-4 74.35 NOTE
r-devel-windows-x86_64 0.5-4 7.00 59.00 66.00 NOTE
r-devel-windows-x86_64-gcc10-UCRT 0.5-4 NOTE
r-patched-linux-x86_64 0.5-4 6.54 55.68 62.22 NOTE
r-patched-solaris-x86 0.5-4 100.70 NOTE
r-release-linux-x86_64 0.5-4 5.91 54.82 60.73 NOTE
r-release-macos-arm64 0.5-4 NOTE
r-release-macos-x86_64 0.5-4 NOTE
r-release-windows-ix86+x86_64 0.5-4 14.00 56.00 70.00 NOTE
r-oldrel-macos-x86_64 0.5-4 NOTE
r-oldrel-windows-ix86+x86_64 0.5-4 10.00 63.00 73.00 NOTE

Check Details

Version: 0.5-4
Check: R code for possible problems
Result: NOTE
    PTSingleAssetBarrierOption2: no visible global function definition for
     'new'
    newton: no visible global function definition for 'abline'
    probInRange: no visible global function definition for 'pnorm'
    shortfall_risk: no visible global function definition for 'pnorm'
    Undefined global functions or variables:
     abline new pnorm
    Consider adding
     importFrom("graphics", "abline")
     importFrom("methods", "new")
     importFrom("stats", "pnorm")
    to your NAMESPACE file (and ensure that your DESCRIPTION Imports field
    contains 'methods').
Flavors: r-devel-linux-x86_64-debian-clang, r-devel-linux-x86_64-debian-gcc, r-devel-linux-x86_64-fedora-clang, r-devel-linux-x86_64-fedora-gcc, r-devel-windows-x86_64, r-devel-windows-x86_64-gcc10-UCRT, r-patched-linux-x86_64, r-patched-solaris-x86, r-release-linux-x86_64, r-release-macos-arm64, r-release-macos-x86_64, r-release-windows-ix86+x86_64, r-oldrel-macos-x86_64, r-oldrel-windows-ix86+x86_64