CRAN Package Check Results for Package fExoticOptions

Last updated on 2021-07-30 22:57:25 CEST.

Flavor Version Tinstall Tcheck Ttotal Status Flags
r-devel-linux-x86_64-debian-clang 3042.80 NOTE
r-devel-linux-x86_64-debian-gcc 3042.80 8.50 54.19 62.69 NOTE
r-devel-linux-x86_64-fedora-clang 3042.80 104.55 NOTE
r-devel-linux-x86_64-fedora-gcc 3042.80 94.75 NOTE
r-devel-windows-x86_64 3042.80 13.00 92.00 105.00 NOTE
r-devel-windows-x86_64-gcc10-UCRT 3042.80 NOTE
r-patched-linux-x86_64 3042.80 NOTE
r-patched-solaris-x86 3042.80 123.00 NOTE
r-release-linux-x86_64 3042.80 8.98 69.89 78.87 NOTE
r-release-macos-arm64 3042.80 NOTE
r-release-macos-x86_64 3042.80 NOTE
r-release-windows-ix86+x86_64 3042.80 19.00 64.00 83.00 NOTE
r-oldrel-macos-x86_64 3042.80 OK
r-oldrel-windows-ix86+x86_64 3042.80 16.00 90.00 106.00 OK

Check Details

Version: 3042.80
Check: LazyData
Result: NOTE
     'LazyData' is specified without a 'data' directory
Flavors: r-devel-linux-x86_64-debian-clang, r-devel-linux-x86_64-debian-gcc, r-devel-linux-x86_64-fedora-clang, r-devel-linux-x86_64-fedora-gcc, r-devel-windows-x86_64, r-devel-windows-x86_64-gcc10-UCRT, r-patched-linux-x86_64, r-patched-solaris-x86, r-release-linux-x86_64, r-release-macos-arm64, r-release-macos-x86_64, r-release-windows-ix86+x86_64