CRAN Package Check Results for Package fMultivar

Last updated on 2021-07-25 23:00:13 CEST.

Flavor Version Tinstall Tcheck Ttotal Status Flags
r-devel-linux-x86_64-debian-clang 3042.80.1 5.70 71.05 76.75 NOTE
r-devel-linux-x86_64-debian-gcc 3042.80.1 4.64 53.21 57.85 NOTE
r-devel-linux-x86_64-fedora-clang 3042.80.1 100.64 NOTE
r-devel-linux-x86_64-fedora-gcc 3042.80.1 91.15 NOTE
r-devel-windows-x86_64 3042.80.1 9.00 93.00 102.00 NOTE
r-devel-windows-x86_64-gcc10-UCRT 3042.80.1 NOTE
r-patched-linux-x86_64 3042.80.1 5.91 69.29 75.20 NOTE
r-patched-solaris-x86 3042.80.1 118.70 NOTE
r-release-linux-x86_64 3042.80.1 6.00 68.47 74.47 NOTE
r-release-macos-arm64 3042.80.1 NOTE
r-release-macos-x86_64 3042.80.1 NOTE
r-release-windows-ix86+x86_64 3042.80.1 13.00 84.00 97.00 NOTE
r-oldrel-macos-x86_64 3042.80.1 OK
r-oldrel-windows-ix86+x86_64 3042.80.1 11.00 90.00 101.00 OK

Check Details

Version: 3042.80.1
Check: LazyData
Result: NOTE
     'LazyData' is specified without a 'data' directory
Flavors: r-devel-linux-x86_64-debian-clang, r-devel-linux-x86_64-debian-gcc, r-devel-linux-x86_64-fedora-clang, r-devel-linux-x86_64-fedora-gcc, r-devel-windows-x86_64, r-devel-windows-x86_64-gcc10-UCRT, r-patched-linux-x86_64, r-patched-solaris-x86, r-release-linux-x86_64, r-release-macos-arm64, r-release-macos-x86_64, r-release-windows-ix86+x86_64