CRAN Package Check Results for Package fOptions

Last updated on 2021-07-22 22:52:03 CEST.

Flavor Version Tinstall Tcheck Ttotal Status Flags
r-devel-linux-x86_64-debian-clang 3042.86 10.68 68.00 78.68 NOTE
r-devel-linux-x86_64-debian-gcc 3042.86 8.09 49.75 57.84 NOTE
r-devel-linux-x86_64-fedora-clang 3042.86 97.22 NOTE
r-devel-linux-x86_64-fedora-gcc 3042.86 88.71 NOTE
r-devel-windows-x86_64 3042.86 14.00 64.00 78.00 NOTE
r-devel-windows-x86_64-gcc10-UCRT 3042.86 NOTE
r-patched-linux-x86_64 3042.86 NOTE
r-patched-solaris-x86 3042.86 123.90 NOTE
r-release-linux-x86_64 3042.86 10.73 63.04 73.77 NOTE
r-release-macos-arm64 3042.86 NOTE
r-release-macos-x86_64 3042.86 NOTE
r-release-windows-ix86+x86_64 3042.86 23.00 83.00 106.00 NOTE
r-oldrel-macos-x86_64 3042.86 OK
r-oldrel-windows-ix86+x86_64 3042.86 23.00 80.00 103.00 OK

Check Details

Version: 3042.86
Check: LazyData
Result: NOTE
     'LazyData' is specified without a 'data' directory
Flavors: r-devel-linux-x86_64-debian-clang, r-devel-linux-x86_64-debian-gcc, r-devel-linux-x86_64-fedora-clang, r-devel-linux-x86_64-fedora-gcc, r-devel-windows-x86_64, r-devel-windows-x86_64-gcc10-UCRT, r-patched-linux-x86_64, r-patched-solaris-x86, r-release-linux-x86_64, r-release-macos-arm64, r-release-macos-x86_64, r-release-windows-ix86+x86_64

Version: 3042.86
Check: compiled code
Result: NOTE
    File ‘fOptions/libs/fOptions.so’:
     Found no calls to: ‘R_registerRoutines’, ‘R_useDynamicSymbols’
    
    It is good practice to register native routines and to disable symbol
    search.
    
    See ‘Writing portable packages’ in the ‘Writing R Extensions’ manual.
Flavors: r-devel-linux-x86_64-fedora-clang, r-devel-linux-x86_64-fedora-gcc