CRAN Package Check Results for Package fRLR

Last updated on 2021-07-31 22:53:30 CEST.

Flavor Version Tinstall Tcheck Ttotal Status Flags
r-devel-linux-x86_64-debian-clang 1.2.1 22.59 56.87 79.46 OK
r-devel-linux-x86_64-debian-gcc 1.2.1 14.14 39.09 53.23 OK
r-devel-linux-x86_64-fedora-clang 1.2.1 106.72 OK
r-devel-linux-x86_64-fedora-gcc 1.2.1 88.74 OK
r-devel-windows-x86_64 1.2 27.00 83.00 110.00 OK
r-devel-windows-x86_64-gcc10-UCRT 1.2.1 OK
r-patched-linux-x86_64 1.2 OK
r-patched-solaris-x86 1.2.1 101.20 OK
r-release-linux-x86_64 1.1 17.01 28.51 45.52 WARN
r-release-macos-arm64 1.2.1 OK
r-release-macos-x86_64 1.2.1 ERROR
r-release-windows-ix86+x86_64 1.1 49.00 58.00 107.00 WARN
r-oldrel-macos-x86_64 1.2.1 ERROR
r-oldrel-windows-ix86+x86_64 1.2 41.00 75.00 116.00 OK

Check Details

Version: 1.1
Check: re-building of vignette outputs
Result: WARN
    Error(s) in re-building vignettes:
     ...
    --- re-building ‘fRLR.Rnw’ using Sweave
    Warning: stack imbalance in 'withVisible', 33 then 32
    Timing stopped at: 0.056 0 0.031
    
    Error: processing vignette 'fRLR.Rnw' failed with diagnostics:
     chunk 4
    Error in try(withVisible(eval(expr, .GlobalEnv)), silent = TRUE) :
     R_Reprotect: only -60 protected items, can't reprotect index -61
    
    --- failed re-building ‘fRLR.Rnw’
    
    SUMMARY: processing the following file failed:
     ‘fRLR.Rnw’
    
    Error: Vignette re-building failed.
    Execution halted
Flavor: r-release-linux-x86_64

Version: 1.2.1
Check: whether package can be installed
Result: ERROR
    Installation failed.
Flavors: r-release-macos-x86_64, r-oldrel-macos-x86_64

Version: 1.1
Check: re-building of vignette outputs
Result: WARN
    Error(s) in re-building vignettes:
    --- re-building 'fRLR.Rnw' using Sweave
    Timing stopped at: 0.06 0 0.03
    
    Error: processing vignette 'fRLR.Rnw' failed with diagnostics:
     chunk 4
    Error in try(withVisible(eval(expr, .GlobalEnv)), silent = TRUE) :
     R_Reprotect: only -5 protected items, can't reprotect index -6
    
    --- failed re-building 'fRLR.Rnw'
    
    SUMMARY: processing the following file failed:
     'fRLR.Rnw'
    
    Error: Vignette re-building failed.
    Execution halted
Flavor: r-release-windows-ix86+x86_64