CRAN Package Check Results for Package fRegression

Last updated on 2022-07-04 22:59:12 CEST.

Flavor Version Tinstall Tcheck Ttotal Status Flags
r-devel-linux-x86_64-debian-clang 3042.82 7.10 70.70 77.80 NOTE
r-devel-linux-x86_64-debian-gcc 3042.82 6.89 53.18 60.07 NOTE
r-devel-linux-x86_64-fedora-clang 3042.82 102.84 NOTE
r-devel-linux-x86_64-fedora-gcc 3042.82 103.68 NOTE
r-devel-windows-x86_64 3042.82 56.00 93.00 149.00 NOTE
r-patched-linux-x86_64 3042.82 9.74 66.86 76.60 NOTE
r-release-linux-x86_64 3042.82 8.89 66.25 75.14 NOTE
r-release-macos-arm64 3042.82 32.00 NOTE
r-release-macos-x86_64 3042.82 41.00 NOTE
r-release-windows-x86_64 3042.82 64.00 95.00 159.00 NOTE
r-oldrel-macos-arm64 3042.82 38.00 NOTE
r-oldrel-macos-x86_64 3042.82 61.00 NOTE
r-oldrel-windows-ix86+x86_64 3042.82 20.00 88.00 108.00 NOTE

Check Details

Version: 3042.82
Check: LazyData
Result: NOTE
     'LazyData' is specified without a 'data' directory
Flavors: r-devel-linux-x86_64-debian-clang, r-devel-linux-x86_64-debian-gcc, r-devel-linux-x86_64-fedora-clang, r-devel-linux-x86_64-fedora-gcc, r-devel-windows-x86_64, r-patched-linux-x86_64, r-release-linux-x86_64, r-release-macos-arm64, r-release-macos-x86_64, r-release-windows-x86_64, r-oldrel-macos-arm64, r-oldrel-macos-x86_64, r-oldrel-windows-ix86+x86_64