CRAN Package Check Results for Package fTrading

Last updated on 2021-08-03 22:53:22 CEST.

Flavor Version Tinstall Tcheck Ttotal Status Flags
r-devel-linux-x86_64-debian-clang 3042.79 5.06 55.34 60.40 NOTE
r-devel-linux-x86_64-debian-gcc 3042.79 4.05 42.15 46.20 NOTE
r-devel-linux-x86_64-fedora-clang 3042.79 78.10 NOTE
r-devel-linux-x86_64-fedora-gcc 3042.79 68.04 NOTE
r-devel-windows-x86_64 3042.79 7.00 77.00 84.00 NOTE
r-devel-windows-x86_64-gcc10-UCRT 3042.79 NOTE
r-patched-linux-x86_64 3042.79 6.52 52.58 59.10 NOTE
r-patched-solaris-x86 3042.79 100.00 NOTE
r-release-linux-x86_64 3042.79 6.42 52.95 59.37 NOTE
r-release-macos-arm64 3042.79 NOTE
r-release-macos-x86_64 3042.79 NOTE
r-release-windows-ix86+x86_64 3042.79 12.00 54.00 66.00 NOTE
r-oldrel-macos-x86_64 3042.79 OK
r-oldrel-windows-ix86+x86_64 3042.79 9.00 73.00 82.00 OK

Check Details

Version: 3042.79
Check: LazyData
Result: NOTE
     'LazyData' is specified without a 'data' directory
Flavors: r-devel-linux-x86_64-debian-clang, r-devel-linux-x86_64-debian-gcc, r-devel-linux-x86_64-fedora-clang, r-devel-linux-x86_64-fedora-gcc, r-devel-windows-x86_64, r-devel-windows-x86_64-gcc10-UCRT, r-patched-linux-x86_64, r-patched-solaris-x86, r-release-linux-x86_64, r-release-macos-arm64, r-release-macos-x86_64, r-release-windows-ix86+x86_64