Last updated on 2024-04-24 23:00:20 CEST.
Flavor | Version | Tinstall | Tcheck | Ttotal | Status | Flags |
---|---|---|---|---|---|---|
r-devel-linux-x86_64-debian-clang | 3042.79 | 7.40 | 58.39 | 65.79 | NOTE | |
r-devel-linux-x86_64-debian-gcc | 3042.79 | 4.84 | 43.19 | 48.03 | NOTE | |
r-devel-linux-x86_64-fedora-clang | 3042.79 | 80.01 | NOTE | |||
r-devel-linux-x86_64-fedora-gcc | 3042.79 | 75.59 | NOTE | |||
r-devel-windows-x86_64 | 3042.79 | 6.00 | 59.00 | 65.00 | NOTE | |
r-patched-linux-x86_64 | 3042.79 | 7.01 | 55.31 | 62.32 | NOTE | |
r-release-linux-x86_64 | 3042.79 | 6.73 | 56.81 | 63.54 | NOTE | |
r-release-macos-arm64 | 3042.79 | 27.00 | NOTE | |||
r-release-windows-x86_64 | 3042.79 | 5.00 | 57.00 | 62.00 | NOTE | |
r-oldrel-macos-arm64 | 3042.79 | 27.00 | NOTE | |||
r-oldrel-macos-x86_64 | 3042.79 | 38.00 | NOTE | |||
r-oldrel-windows-x86_64 | 3042.79 | 7.00 | 67.00 | 74.00 | NOTE |
Version: 3042.79
Check: LazyData
Result: NOTE
'LazyData' is specified without a 'data' directory
Flavors: r-devel-linux-x86_64-debian-clang, r-devel-linux-x86_64-debian-gcc, r-devel-linux-x86_64-fedora-clang, r-devel-linux-x86_64-fedora-gcc, r-devel-windows-x86_64, r-patched-linux-x86_64, r-release-linux-x86_64, r-release-macos-arm64, r-release-windows-x86_64, r-oldrel-macos-arm64, r-oldrel-macos-x86_64, r-oldrel-windows-x86_64