CRAN Package Check Results for Package fable.ata

Last updated on 2024-02-28 22:59:18 CET.

Flavor Version Tinstall Tcheck Ttotal Status Flags
r-devel-linux-x86_64-debian-clang 0.0.6 21.60 188.67 210.27 WARN
r-devel-linux-x86_64-debian-gcc 0.0.6 18.36 137.71 156.07 OK
r-devel-linux-x86_64-fedora-clang 0.0.6 257.22 OK
r-devel-linux-x86_64-fedora-gcc 0.0.6 219.16 OK
r-devel-windows-x86_64 0.0.6 20.00 141.00 161.00 OK
r-patched-linux-x86_64 0.0.6 14.43 180.09 194.52 OK
r-release-linux-x86_64 0.0.6 15.63 180.90 196.53 OK
r-release-macos-arm64 0.0.6 59.00 OK
r-release-macos-x86_64 0.0.6 164.00 OK
r-release-windows-x86_64 0.0.6 26.00 177.00 203.00 OK
r-oldrel-macos-arm64 0.0.6 60.00 OK
r-oldrel-windows-x86_64 0.0.6 25.00 173.00 198.00 OK

Check Details

Version: 0.0.6
Check: dependencies in R code
Result: NOTE Fortran STOP IEEE arithmetic exceptions signaled: INEXACT Flavor: r-devel-linux-x86_64-debian-clang

Version: 0.0.6
Check: S3 generic/method consistency
Result: WARN Fortran STOP IEEE arithmetic exceptions signaled: INEXACT See section ‘Generic functions and methods’ in the ‘Writing R Extensions’ manual. Flavor: r-devel-linux-x86_64-debian-clang

Version: 0.0.6
Check: replacement functions
Result: WARN Fortran STOP IEEE arithmetic exceptions signaled: INEXACT The argument of a replacement function which corresponds to the right hand side must be named ‘value’. Flavor: r-devel-linux-x86_64-debian-clang

Version: 0.0.6
Check: foreign function calls
Result: NOTE Fortran STOP IEEE arithmetic exceptions signaled: INEXACT See chapter ‘System and foreign language interfaces’ in the ‘Writing R Extensions’ manual. Flavor: r-devel-linux-x86_64-debian-clang

Version: 0.0.6
Check: R code for possible problems
Result: NOTE Fortran STOP IEEE arithmetic exceptions signaled: INEXACT Fortran STOP IEEE arithmetic exceptions signaled: INEXACT Fortran STOP IEEE arithmetic exceptions signaled: INEXACT Flavor: r-devel-linux-x86_64-debian-clang

Version: 0.0.6
Check: for missing documentation entries
Result: WARN Fortran STOP IEEE arithmetic exceptions signaled: INEXACT All user-level objects in a package should have documentation entries. See chapter ‘Writing R documentation files’ in the ‘Writing R Extensions’ manual. Flavor: r-devel-linux-x86_64-debian-clang

Version: 0.0.6
Check: for code/documentation mismatches
Result: WARN Fortran STOP IEEE arithmetic exceptions signaled: INEXACT Fortran STOP IEEE arithmetic exceptions signaled: INEXACT Fortran STOP IEEE arithmetic exceptions signaled: INEXACT Flavor: r-devel-linux-x86_64-debian-clang

Version: 0.0.6
Check: Rd \usage sections
Result: NOTE Fortran STOP IEEE arithmetic exceptions signaled: INEXACT The \usage entries for S3 methods should use the \method markup and not their full name. See chapter ‘Writing R documentation files’ in the ‘Writing R Extensions’ manual. Flavor: r-devel-linux-x86_64-debian-clang