Last updated on 2024-04-18 22:52:40 CEST.
Flavor | Version | Tinstall | Tcheck | Ttotal | Status | Flags |
---|---|---|---|---|---|---|
r-devel-linux-x86_64-debian-clang | 0.0.6 | 25.25 | 187.24 | 212.49 | WARN | |
r-devel-linux-x86_64-debian-gcc | 0.0.6 | 17.87 | 134.20 | 152.07 | OK | |
r-devel-linux-x86_64-fedora-clang | 0.0.6 | 254.58 | OK | |||
r-devel-linux-x86_64-fedora-gcc | 0.0.6 | 241.18 | OK | |||
r-prerel-macos-arm64 | 0.0.6 | 60.00 | OK | |||
r-prerel-windows-x86_64 | 0.0.6 | 19.00 | 138.00 | 157.00 | OK | |
r-patched-linux-x86_64 | 0.0.6 | 14.50 | 173.71 | 188.21 | OK | |
r-release-linux-x86_64 | 0.0.6 | 18.54 | 176.29 | 194.83 | OK | |
r-release-macos-arm64 | 0.0.6 | 59.00 | OK | |||
r-release-macos-x86_64 | 0.0.6 | 164.00 | OK | |||
r-release-windows-x86_64 | 0.0.6 | 25.00 | 170.00 | 195.00 | OK | |
r-oldrel-macos-arm64 | 0.0.6 | 60.00 | OK | |||
r-oldrel-windows-x86_64 | 0.0.6 | 25.00 | 168.00 | 193.00 | OK |
Version: 0.0.6
Check: dependencies in R code
Result: NOTE
Fortran STOP
IEEE arithmetic exceptions signaled: INEXACT
Flavor: r-devel-linux-x86_64-debian-clang
Version: 0.0.6
Check: S3 generic/method consistency
Result: WARN
Fortran STOP
IEEE arithmetic exceptions signaled: INEXACT
See section ‘Generic functions and methods’ in the ‘Writing R
Extensions’ manual.
Flavor: r-devel-linux-x86_64-debian-clang
Version: 0.0.6
Check: replacement functions
Result: WARN
Fortran STOP
IEEE arithmetic exceptions signaled: INEXACT
The argument of a replacement function which corresponds to the right
hand side must be named ‘value’.
Flavor: r-devel-linux-x86_64-debian-clang
Version: 0.0.6
Check: foreign function calls
Result: NOTE
Fortran STOP
IEEE arithmetic exceptions signaled: INEXACT
See chapter ‘System and foreign language interfaces’ in the ‘Writing R
Extensions’ manual.
Flavor: r-devel-linux-x86_64-debian-clang
Version: 0.0.6
Check: R code for possible problems
Result: NOTE
Fortran STOP
IEEE arithmetic exceptions signaled: INEXACT
Fortran STOP
IEEE arithmetic exceptions signaled: INEXACT
Fortran STOP
IEEE arithmetic exceptions signaled: INEXACT
Flavor: r-devel-linux-x86_64-debian-clang
Version: 0.0.6
Check: for missing documentation entries
Result: WARN
Fortran STOP
IEEE arithmetic exceptions signaled: INEXACT
All user-level objects in a package should have documentation entries.
See chapter ‘Writing R documentation files’ in the ‘Writing R
Extensions’ manual.
Flavor: r-devel-linux-x86_64-debian-clang
Version: 0.0.6
Check: for code/documentation mismatches
Result: WARN
Fortran STOP
IEEE arithmetic exceptions signaled: INEXACT
Fortran STOP
IEEE arithmetic exceptions signaled: INEXACT
Fortran STOP
IEEE arithmetic exceptions signaled: INEXACT
Flavor: r-devel-linux-x86_64-debian-clang
Version: 0.0.6
Check: Rd \usage sections
Result: NOTE
Fortran STOP
IEEE arithmetic exceptions signaled: INEXACT
The \usage entries for S3 methods should use the \method markup and not
their full name.
See chapter ‘Writing R documentation files’ in the ‘Writing R
Extensions’ manual.
Flavor: r-devel-linux-x86_64-debian-clang