CRAN Package Check Results for Package fable

Last updated on 2021-07-22 22:52:02 CEST.

Flavor Version Tinstall Tcheck Ttotal Status Flags
r-devel-linux-x86_64-debian-clang 0.3.1 33.94 209.09 243.03 OK
r-devel-linux-x86_64-debian-gcc 0.3.1 23.64 150.10 173.74 OK
r-devel-linux-x86_64-fedora-clang 0.3.1 288.17 NOTE
r-devel-linux-x86_64-fedora-gcc 0.3.1 280.54 OK
r-devel-windows-x86_64 0.3.1 31.00 192.00 223.00 OK
r-devel-windows-x86_64-gcc10-UCRT 0.3.1 OK
r-patched-linux-x86_64 0.3.1 OK
r-patched-solaris-x86 0.3.1 343.40 OK
r-release-linux-x86_64 0.3.1 23.79 195.05 218.84 OK
r-release-macos-arm64 0.3.0 ERROR
r-release-macos-x86_64 0.3.1 OK
r-release-windows-ix86+x86_64 0.3.1 71.00 319.00 390.00 OK
r-oldrel-macos-x86_64 0.3.1 OK
r-oldrel-windows-ix86+x86_64 0.3.1 78.00 439.00 517.00 OK

Check Details

Version: 0.3.1
Check: Rd cross-references
Result: NOTE
    Undeclared package ‘lmtest’ in Rd xrefs
Flavor: r-devel-linux-x86_64-fedora-clang

Version: 0.3.0
Check: LazyData
Result: NOTE
     'LazyData' is specified without a 'data' directory
Flavor: r-release-macos-arm64

Version: 0.3.0
Check: tests
Result: ERROR
     Running ‘testthat.R’ [7s/8s]
    Running the tests in ‘tests/testthat.R’ failed.
    Last 13 lines of output:
     `... <- NULL` produced unexpected warnings.
     Expected match: Model specification induces a quadratic or higher order polynomial trend
     Actual values:
     * 1 error encountered for poly
     [1] cannot add binding of 'lag' to the base environment
    
     ── Failure (test-arima.R:130:3): ARIMA with bad inputs ─────────────────────────
     model_sum(fit$poly[[1]]) not identical to "ARIMA(2,1,0)(2,1,0)[12] w/ poly".
     1/1 mismatches
     x[1]: "NULL model"
     y[1]: "ARIMA(2,1,0)(2,1,0)[12] w/ poly"
    
     [ FAIL 12 | WARN 12 | SKIP 1 | PASS 88 ]
     Error: Test failures
     Execution halted
Flavor: r-release-macos-arm64