CRAN Package Check Results for Package factorEx

Last updated on 2021-10-20 23:50:09 CEST.

Flavor Version Tinstall Tcheck Ttotal Status Flags
r-devel-linux-x86_64-debian-clang 1.0.1 14.11 107.56 121.67 OK
r-devel-linux-x86_64-debian-gcc 1.0.1 10.74 82.59 93.33 OK
r-devel-linux-x86_64-fedora-clang 1.0.1 156.83 OK
r-devel-linux-x86_64-fedora-gcc 1.0.1 149.63 OK
r-devel-windows-x86_64 1.0.1 28.00 168.00 196.00 OK
r-devel-windows-x86_64-gcc10-UCRT 1.0.1 ERROR
r-patched-linux-x86_64 1.0.1 13.31 104.82 118.13 OK
r-patched-solaris-x86 1.0.1 224.20 OK
r-release-linux-x86_64 1.0.1 13.59 104.70 118.29 OK
r-release-macos-arm64 1.0.1 OK
r-release-macos-x86_64 1.0.1 OK
r-release-windows-ix86+x86_64 1.0.1 30.00 165.00 195.00 OK
r-oldrel-macos-x86_64 1.0.1 OK
r-oldrel-windows-ix86+x86_64 1.0.1 43.00 156.00 199.00 OK

Check Details

Version: 1.0.1
Check: package dependencies
Result: ERROR
    Packages required but not available: 'genlasso', 'igraph'
    
    See section 'The DESCRIPTION file' in the 'Writing R Extensions'
    manual.
Flavor: r-devel-windows-x86_64-gcc10-UCRT