CRAN Package Check Results for Package factorstochvol

Last updated on 2024-06-13 22:49:26 CEST.

Flavor Version Tinstall Tcheck Ttotal Status Flags
r-devel-linux-x86_64-debian-clang 1.1.0 129.98 104.00 233.98 OK
r-devel-linux-x86_64-debian-gcc 1.1.0 90.07 59.72 149.79 ERROR
r-devel-linux-x86_64-fedora-clang 1.1.0 332.73 OK
r-devel-linux-x86_64-fedora-gcc 1.1.0 342.99 OK
r-devel-windows-x86_64 1.1.0 99.00 129.00 228.00 OK
r-patched-linux-x86_64 1.1.0 101.29 101.48 202.77 OK
r-release-linux-x86_64 1.1.0 107.51 97.24 204.75 OK
r-release-macos-arm64 1.1.0 76.00 NOTE
r-release-macos-x86_64 1.1.0 92.00 NOTE
r-release-windows-x86_64 1.1.0 99.00 143.00 242.00 OK
r-oldrel-macos-arm64 1.1.0 93.00 NOTE
r-oldrel-macos-x86_64 1.1.0 268.00 NOTE
r-oldrel-windows-x86_64 1.1.0 121.00 145.00 266.00 OK

Check Details

Version: 1.1.0
Check: package dependencies
Result: NOTE Package suggested but not available for checking: ‘testthat’ Flavor: r-devel-linux-x86_64-debian-gcc

Version: 1.1.0
Check: tests
Result: ERROR Running ‘testthat.R’ [0s/0s] Running the tests in ‘tests/testthat.R’ failed. Complete output: > library(testthat) Error in library(testthat) : there is no package called 'testthat' Execution halted Flavor: r-devel-linux-x86_64-debian-gcc

Version: 1.1.0
Check: installed package size
Result: NOTE installed size is 7.6Mb sub-directories of 1Mb or more: doc 2.5Mb libs 4.7Mb Flavors: r-release-macos-arm64, r-release-macos-x86_64, r-oldrel-macos-arm64, r-oldrel-macos-x86_64