CRAN Package Check Results for Package factset.analyticsapi.engines

Last updated on 2021-12-02 22:55:52 CET.

Flavor Version Tinstall Tcheck Ttotal Status Flags
r-devel-linux-x86_64-debian-clang 3.0.1 38.21 34.17 72.38 NOTE
r-devel-linux-x86_64-debian-gcc 3.0.1 32.53 26.83 59.36 NOTE
r-devel-linux-x86_64-fedora-clang 3.0.1 105.11 NOTE
r-devel-linux-x86_64-fedora-gcc 3.0.1 95.89 NOTE
r-devel-windows-x86_64-new-UL 3.0.1 57.00 73.00 130.00 NOTE
r-devel-windows-x86_64-new-TK 3.0.1 NOTE
r-devel-windows-x86_64-old 3.0.1 57.00 40.00 97.00 NOTE
r-patched-linux-x86_64 3.0.1 36.45 32.68 69.13 NOTE
r-patched-solaris-x86 3.0.1 119.40 NOTE
r-release-linux-x86_64 3.0.1 36.44 32.92 69.36 NOTE
r-release-macos-arm64 3.0.1 NOTE
r-release-macos-x86_64 3.0.1 NOTE
r-release-windows-ix86+x86_64 3.0.1 60.00 49.00 109.00 NOTE
r-oldrel-macos-x86_64 3.0.1 NOTE
r-oldrel-windows-ix86+x86_64 3.0.1 58.00 51.00 109.00 OK

Check Details

Version: 3.0.1
Check: LazyData
Result: NOTE
     'LazyData' is specified without a 'data' directory
Flavors: r-devel-linux-x86_64-debian-clang, r-devel-linux-x86_64-debian-gcc, r-devel-linux-x86_64-fedora-clang, r-devel-linux-x86_64-fedora-gcc, r-devel-windows-x86_64-new-UL, r-devel-windows-x86_64-new-TK, r-devel-windows-x86_64-old, r-patched-linux-x86_64, r-patched-solaris-x86, r-release-linux-x86_64, r-release-macos-arm64, r-release-macos-x86_64, r-release-windows-ix86+x86_64

Version: 3.0.1
Check: dependencies in R code
Result: NOTE
    Namespaces in Imports field not imported from:
     ‘R6’ ‘caTools’ ‘httr’ ‘jsonlite’ ‘rlang’
     All declared Imports should be used.
Flavors: r-devel-linux-x86_64-fedora-clang, r-devel-linux-x86_64-fedora-gcc, r-devel-windows-x86_64-new-TK, r-patched-solaris-x86, r-release-macos-arm64, r-release-macos-x86_64, r-oldrel-macos-x86_64