Last updated on 2023-09-21 23:03:19 CEST.
Flavor | Version | Tinstall | Tcheck | Ttotal | Status | Flags |
---|---|---|---|---|---|---|
r-devel-linux-x86_64-debian-clang | 3.0.1 | 41.86 | 44.99 | 86.85 | NOTE | |
r-devel-linux-x86_64-debian-gcc | 3.0.1 | 31.67 | 35.04 | 66.71 | NOTE | |
r-devel-linux-x86_64-fedora-clang | 3.0.1 | 112.54 | NOTE | |||
r-devel-linux-x86_64-fedora-gcc | 3.0.1 | 107.62 | NOTE | |||
r-devel-windows-x86_64 | 3.0.1 | 32.00 | 65.00 | 97.00 | NOTE | |
r-patched-linux-x86_64 | 3.0.1 | 39.01 | 44.32 | 83.33 | NOTE | |
r-release-linux-x86_64 | 3.0.1 | 35.06 | 44.00 | 79.06 | NOTE | |
r-release-macos-arm64 | 3.0.1 | 33.00 | NOTE | |||
r-release-macos-x86_64 | 3.0.1 | 53.00 | NOTE | |||
r-release-windows-x86_64 | 3.0.1 | 43.00 | 69.00 | 112.00 | NOTE | |
r-oldrel-macos-arm64 | 3.0.1 | 30.00 | NOTE | |||
r-oldrel-macos-x86_64 | 3.0.1 | 40.00 | NOTE | |||
r-oldrel-windows-x86_64 | 3.0.1 | 45.00 | 56.00 | 101.00 | NOTE |
Version: 3.0.1
Check: LazyData
Result: NOTE
'LazyData' is specified without a 'data' directory
Flavors: r-devel-linux-x86_64-debian-clang, r-devel-linux-x86_64-debian-gcc, r-devel-linux-x86_64-fedora-clang, r-devel-linux-x86_64-fedora-gcc, r-devel-windows-x86_64, r-patched-linux-x86_64, r-release-linux-x86_64, r-release-macos-arm64, r-release-macos-x86_64, r-release-windows-x86_64, r-oldrel-macos-arm64, r-oldrel-macos-x86_64, r-oldrel-windows-x86_64
Version: 3.0.1
Check: dependencies in R code
Result: NOTE
Namespaces in Imports field not imported from:
‘R6’ ‘caTools’ ‘httr’ ‘jsonlite’ ‘rlang’
All declared Imports should be used.
Flavors: r-devel-linux-x86_64-fedora-clang, r-devel-linux-x86_64-fedora-gcc, r-oldrel-macos-arm64, r-oldrel-macos-x86_64