CRAN Package Check Results for Package fakir

Last updated on 2024-02-29 22:58:44 CET.

Flavor Version Tinstall Tcheck Ttotal Status Flags
r-devel-linux-x86_64-debian-clang 1.0.0 8.27 122.10 130.37 NOTE
r-devel-linux-x86_64-debian-gcc 1.0.0 6.06 90.22 96.28 NOTE
r-devel-linux-x86_64-fedora-clang 1.0.0 170.05 NOTE
r-devel-linux-x86_64-fedora-gcc 1.0.0 171.23 NOTE
r-devel-windows-x86_64 1.0.0 8.00 115.00 123.00 OK
r-patched-linux-x86_64 1.0.0 7.06 120.21 127.27 OK
r-release-linux-x86_64 1.0.0 6.80 121.69 128.49 OK
r-release-macos-arm64 1.0.0 53.00 OK
r-release-macos-x86_64 1.0.0 134.00 OK
r-release-windows-x86_64 1.0.0 12.00 116.00 128.00 OK
r-oldrel-macos-arm64 1.0.0 46.00 OK
r-oldrel-windows-x86_64 1.0.0 10.00 117.00 127.00 OK

Check Details

Version: 1.0.0
Check: Rd files
Result: NOTE checkRd: (-1) fra_sf.Rd:22: Lost braces; missing escapes or markup? 22 | A map of France as {sf} object. Can be used as dataset or for maps | ^ Flavors: r-devel-linux-x86_64-debian-clang, r-devel-linux-x86_64-debian-gcc, r-devel-linux-x86_64-fedora-clang, r-devel-linux-x86_64-fedora-gcc

Version: 1.0.0
Check: data for non-ASCII characters
Result: NOTE Note: found 55 marked UTF-8 strings Flavors: r-devel-linux-x86_64-fedora-clang, r-devel-linux-x86_64-fedora-gcc