Last updated on 2023-09-23 23:00:45 CEST.
Flavor | Version | Tinstall | Tcheck | Ttotal | Status | Flags |
---|---|---|---|---|---|---|
r-devel-linux-x86_64-debian-clang | 0.7.6 | 13.27 | 89.24 | 102.51 | NOTE | |
r-devel-linux-x86_64-debian-gcc | 0.7.6 | 11.52 | 79.06 | 90.58 | NOTE | |
r-devel-linux-x86_64-fedora-clang | 0.7.6 | 148.90 | NOTE | |||
r-devel-linux-x86_64-fedora-gcc | 0.7.6 | 144.17 | NOTE | |||
r-devel-windows-x86_64 | 0.7.6 | 13.00 | 91.00 | 104.00 | NOTE | |
r-patched-linux-x86_64 | 0.7.6 | 10.19 | 101.82 | 112.01 | NOTE | |
r-release-linux-x86_64 | 0.7.6 | 9.96 | 102.46 | 112.42 | NOTE | |
r-release-macos-arm64 | 0.7.6 | 50.00 | NOTE | |||
r-release-macos-x86_64 | 0.7.6 | 73.00 | NOTE | |||
r-release-windows-x86_64 | 0.7.6 | 16.00 | 107.00 | 123.00 | NOTE | |
r-oldrel-macos-arm64 | 0.7.6 | 42.00 | OK | |||
r-oldrel-macos-x86_64 | 0.7.6 | 71.00 | OK | |||
r-oldrel-windows-x86_64 | 0.7.6 | 15.00 | 106.00 | 121.00 | OK |
Version: 0.7.6
Check: package subdirectories
Result: NOTE
Problems with news in ‘NEWS.md’:
No news entries found.
Flavors: r-devel-linux-x86_64-debian-clang, r-devel-linux-x86_64-debian-gcc, r-devel-linux-x86_64-fedora-clang, r-devel-linux-x86_64-fedora-gcc, r-devel-windows-x86_64, r-patched-linux-x86_64, r-release-linux-x86_64, r-release-macos-arm64, r-release-macos-x86_64, r-release-windows-x86_64