Last updated on 2024-04-18 22:52:40 CEST.
Flavor | Version | Tinstall | Tcheck | Ttotal | Status | Flags |
---|---|---|---|---|---|---|
r-devel-linux-x86_64-debian-clang | 0.3.0 | 13.65 | 59.33 | 72.98 | OK | |
r-devel-linux-x86_64-debian-gcc | 0.3.0 | 10.43 | 45.19 | 55.62 | OK | |
r-devel-linux-x86_64-fedora-clang | 0.3.0 | 93.46 | NOTE | |||
r-devel-linux-x86_64-fedora-gcc | 0.3.0 | 89.34 | NOTE | |||
r-prerel-macos-arm64 | 0.3.0 | 35.00 | OK | |||
r-prerel-macos-x86_64 | 0.3.0 | 85.00 | OK | |||
r-prerel-windows-x86_64 | 0.3.0 | 14.00 | 79.00 | 93.00 | OK | |
r-patched-linux-x86_64 | 0.3.0 | 9.56 | 57.95 | 67.51 | OK | |
r-release-linux-x86_64 | 0.3.0 | 9.47 | 58.69 | 68.16 | OK | |
r-release-macos-arm64 | 0.3.0 | 42.00 | OK | |||
r-release-macos-x86_64 | 0.3.0 | 78.00 | OK | |||
r-release-windows-x86_64 | 0.3.0 | 15.00 | 85.00 | 100.00 | OK | |
r-oldrel-macos-arm64 | 0.3.0 | 46.00 | OK | |||
r-oldrel-windows-x86_64 | 0.3.0 | 18.00 | 80.00 | 98.00 | OK |
Version: 0.3.0
Check: data for non-ASCII characters
Result: NOTE
Note: found 1430 marked UTF-8 strings
Flavors: r-devel-linux-x86_64-fedora-clang, r-devel-linux-x86_64-fedora-gcc