CRAN Package Check Results for Package farr

Last updated on 2024-03-04 22:58:01 CET.

Flavor Version Tinstall Tcheck Ttotal Status Flags
r-devel-linux-x86_64-debian-clang 0.2.39 6.37 58.78 65.15 OK
r-devel-linux-x86_64-debian-gcc 0.3.0 10.83 45.47 56.30 OK
r-devel-linux-x86_64-fedora-clang 0.3.0 93.05 NOTE
r-devel-linux-x86_64-fedora-gcc 0.3.0 88.92 NOTE
r-devel-windows-x86_64 0.3.0 14.00 72.00 86.00 OK
r-patched-linux-x86_64 0.2.39 8.26 57.84 66.10 OK
r-release-linux-x86_64 0.3.0 9.13 57.81 66.94 OK
r-release-macos-arm64 0.3.0 42.00 OK
r-release-macos-x86_64 0.3.0 78.00 OK
r-release-windows-x86_64 0.3.0 19.00 86.00 105.00 OK
r-oldrel-macos-arm64 0.3.0 46.00 OK
r-oldrel-windows-x86_64 0.3.0 18.00 79.00 97.00 OK

Check Details

Version: 0.3.0
Check: data for non-ASCII characters
Result: NOTE Note: found 1430 marked UTF-8 strings Flavors: r-devel-linux-x86_64-fedora-clang, r-devel-linux-x86_64-fedora-gcc