CRAN Package Check Results for Package farver

Last updated on 2021-09-18 23:49:52 CEST.

Flavor Version Tinstall Tcheck Ttotal Status Flags
r-devel-linux-x86_64-debian-clang 2.1.0 33.11 24.25 57.36 OK
r-devel-linux-x86_64-debian-gcc 2.1.0 24.79 19.37 44.16 OK
r-devel-linux-x86_64-fedora-clang 2.1.0 90.42 NOTE
r-devel-linux-x86_64-fedora-gcc 2.1.0 80.80 OK
r-devel-windows-x86_64 2.1.0 45.00 46.00 91.00 OK
r-devel-windows-x86_64-gcc10-UCRT 2.1.0 OK
r-patched-linux-x86_64 2.1.0 33.57 23.67 57.24 OK
r-patched-solaris-x86 2.1.0 130.20 OK
r-release-linux-x86_64 2.1.0 32.96 23.66 56.62 OK
r-release-macos-arm64 2.1.0 NOTE
r-release-macos-x86_64 2.1.0 OK
r-release-windows-ix86+x86_64 2.1.0 92.00 44.00 136.00 OK
r-oldrel-macos-x86_64 2.1.0 OK
r-oldrel-windows-ix86+x86_64 2.1.0 89.00 44.00 133.00 OK

Check Details

Version: 2.1.0
Check: installed package size
Result: NOTE
     installed size is 5.5Mb
     sub-directories of 1Mb or more:
     help 1.6Mb
     libs 3.8Mb
Flavors: r-devel-linux-x86_64-fedora-clang, r-release-macos-arm64