CRAN Package Check Results for Package fasstr

Last updated on 2021-05-12 22:53:29 CEST.

Flavor Version Tinstall Tcheck Ttotal Status Flags
r-devel-linux-x86_64-debian-clang 0.3.2 13.27 98.31 111.58 NOTE
r-devel-linux-x86_64-debian-gcc 0.3.2 9.51 72.67 82.18 NOTE
r-devel-linux-x86_64-fedora-clang 0.3.2 140.72 NOTE
r-devel-linux-x86_64-fedora-gcc 0.3.2 129.64 NOTE
r-devel-windows-ix86+x86_64 0.3.2 28.00 93.00 121.00 NOTE
r-devel-windows-x86_64-gcc10-UCRT 0.3.2 NOTE
r-patched-linux-x86_64 0.3.2 15.63 92.79 108.42 NOTE
r-patched-solaris-x86 0.3.2 164.80 NOTE
r-release-linux-x86_64 0.3.2 13.41 90.69 104.10 OK
r-release-macos-x86_64 0.3.2 OK
r-release-windows-ix86+x86_64 0.3.2 20.00 120.00 140.00 OK
r-oldrel-macos-x86_64 0.3.2 OK
r-oldrel-windows-ix86+x86_64 0.3.2 21.00 111.00 132.00 OK

Check Details

Version: 0.3.2
Check: LazyData
Result: NOTE
     'LazyData' is specified without a 'data' directory
Flavors: r-devel-linux-x86_64-debian-clang, r-devel-linux-x86_64-debian-gcc, r-devel-linux-x86_64-fedora-clang, r-devel-linux-x86_64-fedora-gcc, r-devel-windows-ix86+x86_64, r-devel-windows-x86_64-gcc10-UCRT, r-patched-linux-x86_64, r-patched-solaris-x86