CRAN Package Check Results for Package fastDummies

Last updated on 2021-11-30 22:54:30 CET.

Flavor Version Tinstall Tcheck Ttotal Status Flags
r-devel-linux-x86_64-debian-clang 1.6.3 2.63 31.27 33.90 NOTE
r-devel-linux-x86_64-debian-gcc 1.6.3 1.92 26.58 28.50 NOTE
r-devel-linux-x86_64-fedora-clang 1.6.3 52.51 NOTE
r-devel-linux-x86_64-fedora-gcc 1.6.3 41.21 NOTE
r-devel-windows-x86_64-new-UL 1.6.3 8.00 73.00 81.00 NOTE
r-devel-windows-x86_64-new-TK 1.6.3 NOTE
r-devel-windows-x86_64-old 1.6.3 5.00 44.00 49.00 NOTE
r-patched-linux-x86_64 1.6.3 2.25 31.07 33.32 NOTE
r-patched-solaris-x86 1.6.3 64.30 NOTE
r-release-linux-x86_64 1.6.3 2.06 31.08 33.14 NOTE
r-release-macos-arm64 1.6.3 NOTE
r-release-macos-x86_64 1.6.3 NOTE
r-release-windows-ix86+x86_64 1.6.3 6.00 38.00 44.00 NOTE
r-oldrel-macos-x86_64 1.6.3 OK
r-oldrel-windows-ix86+x86_64 1.6.3 4.00 54.00 58.00 OK

Check Details

Version: 1.6.3
Check: LazyData
Result: NOTE
     'LazyData' is specified without a 'data' directory
Flavors: r-devel-linux-x86_64-debian-clang, r-devel-linux-x86_64-debian-gcc, r-devel-linux-x86_64-fedora-clang, r-devel-linux-x86_64-fedora-gcc, r-devel-windows-x86_64-new-UL, r-devel-windows-x86_64-new-TK, r-devel-windows-x86_64-old, r-patched-linux-x86_64, r-patched-solaris-x86, r-release-linux-x86_64, r-release-macos-arm64, r-release-macos-x86_64, r-release-windows-ix86+x86_64