CRAN Package Check Results for Package fastLink

Last updated on 2019-07-20 22:48:01 CEST.

Flavor Version Tinstall Tcheck Ttotal Status Flags
r-devel-linux-x86_64-debian-clang 0.5.0 53.35 98.25 151.60 OK
r-devel-linux-x86_64-debian-gcc 0.5.0 45.03 77.62 122.65 OK
r-devel-linux-x86_64-fedora-clang 0.5.0 198.45 NOTE
r-devel-linux-x86_64-fedora-gcc 0.5.0 193.84 OK
r-devel-windows-ix86+x86_64 0.5.0 91.00 208.00 299.00 NOTE
r-patched-linux-x86_64 0.5.0 53.26 95.57 148.83 OK
r-patched-solaris-x86 0.5.0 269.20 NOTE
r-release-linux-x86_64 0.5.0 50.63 96.40 147.03 OK
r-release-windows-ix86+x86_64 0.5.0 89.00 147.00 236.00 NOTE
r-release-osx-x86_64 0.5.0 NOTE
r-oldrel-windows-ix86+x86_64 0.5.0 133.00 191.00 324.00 NOTE
r-oldrel-osx-x86_64 0.5.0 NOTE

Check Details

Version: 0.5.0
Check: installed package size
Result: NOTE
     installed size is 7.2Mb
     sub-directories of 1Mb or more:
     data 4.8Mb
     libs 2.1Mb
Flavors: r-devel-linux-x86_64-fedora-clang, r-devel-windows-ix86+x86_64, r-patched-solaris-x86, r-release-windows-ix86+x86_64, r-release-osx-x86_64, r-oldrel-windows-ix86+x86_64, r-oldrel-osx-x86_64