CRAN Package Check Results for Package fastLink

Last updated on 2019-11-18 22:47:10 CET.

Flavor Version Tinstall Tcheck Ttotal Status Flags
r-devel-linux-x86_64-debian-clang 0.5.0 62.03 102.77 164.80 OK
r-devel-linux-x86_64-debian-gcc 0.5.0 48.01 80.62 128.63 OK
r-devel-linux-x86_64-fedora-clang 0.5.0 212.36 NOTE
r-devel-linux-x86_64-fedora-gcc 0.5.0 201.82 OK
r-devel-windows-ix86+x86_64 0.5.0 162.00 225.00 387.00 NOTE
r-patched-linux-x86_64 0.5.0 51.91 95.41 147.32 OK
r-patched-solaris-x86 0.5.0 261.10 NOTE
r-release-linux-x86_64 0.5.0 53.81 97.34 151.15 OK
r-release-windows-ix86+x86_64 0.5.0 113.00 238.00 351.00 NOTE
r-release-osx-x86_64 0.5.0 NOTE
r-oldrel-windows-ix86+x86_64 0.5.0 98.00 223.00 321.00 NOTE
r-oldrel-osx-x86_64 0.5.0 NOTE

Check Details

Version: 0.5.0
Check: installed package size
Result: NOTE
     installed size is 7.4Mb
     sub-directories of 1Mb or more:
     data 4.8Mb
     libs 2.2Mb
Flavors: r-devel-linux-x86_64-fedora-clang, r-devel-windows-ix86+x86_64, r-patched-solaris-x86, r-release-windows-ix86+x86_64, r-release-osx-x86_64, r-oldrel-windows-ix86+x86_64, r-oldrel-osx-x86_64