Last updated on 2022-07-03 22:50:33 CEST.
Flavor | Version | Tinstall | Tcheck | Ttotal | Status | Flags |
---|---|---|---|---|---|---|
r-devel-linux-x86_64-debian-clang | 1.2.2 | 16.51 | 162.54 | 179.05 | NOTE | |
r-devel-linux-x86_64-debian-gcc | 1.2.2 | 15.61 | 117.56 | 133.17 | NOTE | |
r-devel-linux-x86_64-fedora-clang | 1.2.2 | 215.66 | NOTE | |||
r-devel-linux-x86_64-fedora-gcc | 1.2.2 | 213.31 | NOTE | |||
r-devel-windows-x86_64 | 1.2.2 | 228.00 | 235.00 | 463.00 | NOTE | |
r-patched-linux-x86_64 | 1.2.2 | 23.15 | 150.76 | 173.91 | OK | |
r-release-linux-x86_64 | 1.2.2 | 15.86 | 149.26 | 165.12 | OK | |
r-release-macos-arm64 | 1.2.2 | 64.00 | OK | |||
r-release-macos-x86_64 | 1.2.2 | 107.00 | OK | |||
r-release-windows-x86_64 | 1.2.2 | 220.00 | 232.00 | 452.00 | OK | |
r-oldrel-macos-arm64 | 1.2.2 | 69.00 | OK | |||
r-oldrel-macos-x86_64 | 1.2.2 | 84.00 | OK | |||
r-oldrel-windows-ix86+x86_64 | 1.2.2 | 42.00 | 184.00 | 226.00 | OK |
Version: 1.2.2
Check: Rd files
Result: NOTE
checkRd: (-1) Scent.Rd:37: Escaped LaTeX specials: \&
checkRd: (-1) Traffic.Rd:44: Escaped LaTeX specials: \&
Flavors: r-devel-linux-x86_64-debian-clang, r-devel-linux-x86_64-debian-gcc, r-devel-linux-x86_64-fedora-clang, r-devel-linux-x86_64-fedora-gcc, r-devel-windows-x86_64