CRAN Package Check Results for Package fastStat

Last updated on 2021-05-06 22:55:19 CEST.

Flavor Version Tinstall Tcheck Ttotal Status Flags
r-devel-linux-x86_64-debian-clang 1.4 13.81 115.36 129.17 NOTE
r-devel-linux-x86_64-debian-gcc 1.4 10.79 84.96 95.75 NOTE
r-devel-linux-x86_64-fedora-clang 1.4 166.92 NOTE
r-devel-linux-x86_64-fedora-gcc 1.4 152.11 NOTE
r-devel-windows-ix86+x86_64 1.4 34.00 147.00 181.00 NOTE
r-devel-windows-x86_64-gcc10-UCRT 1.4 NOTE
r-patched-linux-x86_64 1.4 12.74 109.39 122.13 NOTE
r-patched-solaris-x86 1.4 225.60 OK
r-release-linux-x86_64 1.4 12.86 102.80 115.66 OK
r-release-macos-x86_64 1.4 OK
r-release-windows-ix86+x86_64 1.4 24.00 110.00 134.00 OK
r-oldrel-macos-x86_64 1.4 NOTE
r-oldrel-windows-ix86+x86_64 1.4 26.00 130.00 156.00 OK

Check Details

Version: 1.4
Check: LazyData
Result: NOTE
     'LazyData' is specified without a 'data' directory
Flavors: r-devel-linux-x86_64-debian-clang, r-devel-linux-x86_64-debian-gcc, r-devel-linux-x86_64-fedora-clang, r-devel-linux-x86_64-fedora-gcc, r-devel-windows-ix86+x86_64, r-devel-windows-x86_64-gcc10-UCRT, r-patched-linux-x86_64

Version: 1.4
Check: dependencies in R code
Result: NOTE
    No protocol specified
    No protocol specified
Flavor: r-oldrel-macos-x86_64