CRAN Package Check Results for Package fastadi

Last updated on 2024-05-20 23:00:25 CEST.

Flavor Version Tinstall Tcheck Ttotal Status Flags
r-devel-linux-x86_64-debian-clang 0.1.1 119.08 142.22 261.30 NOTE
r-devel-linux-x86_64-debian-gcc 0.1.1 85.30 135.34 220.64 NOTE
r-devel-linux-x86_64-fedora-clang 0.1.1 382.25 NOTE
r-devel-linux-x86_64-fedora-gcc 0.1.1 377.90 NOTE
r-devel-windows-x86_64 0.1.1 91.00 151.00 242.00 NOTE
r-patched-linux-x86_64 0.1.1 116.88 170.14 287.02 NOTE
r-release-linux-x86_64 0.1.1 114.34 173.30 287.64 NOTE
r-release-macos-arm64 0.1.1 102.00 NOTE
r-release-windows-x86_64 0.1.1 92.00 153.00 245.00 NOTE
r-oldrel-macos-arm64 0.1.1 116.00 NOTE
r-oldrel-macos-x86_64 0.1.1 183.00 NOTE
r-oldrel-windows-x86_64 0.1.1 111.00 184.00 295.00 NOTE

Check Details

Version: 0.1.1
Check: C++ specification
Result: NOTE Specified C++11: please drop specification unless essential Flavors: r-devel-linux-x86_64-debian-clang, r-devel-linux-x86_64-debian-gcc, r-devel-linux-x86_64-fedora-clang, r-devel-linux-x86_64-fedora-gcc, r-devel-windows-x86_64, r-patched-linux-x86_64, r-release-linux-x86_64, r-release-macos-arm64, r-release-windows-x86_64, r-oldrel-macos-arm64, r-oldrel-macos-x86_64, r-oldrel-windows-x86_64