Last updated on 2023-11-30 22:58:57 CET.
Flavor | Version | Tinstall | Tcheck | Ttotal | Status | Flags |
---|---|---|---|---|---|---|
r-devel-linux-x86_64-debian-clang | 1.2.3 | 7.62 | 43.72 | 51.34 | WARN | |
r-devel-linux-x86_64-debian-gcc | 1.2.3 | 5.29 | 36.28 | 41.57 | OK | |
r-devel-linux-x86_64-fedora-clang | 1.2.3 | 70.37 | WARN | |||
r-devel-linux-x86_64-fedora-gcc | 1.2.3 | 80.37 | OK | |||
r-devel-windows-x86_64 | 1.2.3 | 14.00 | 87.00 | 101.00 | OK | |
r-patched-linux-x86_64 | 1.2.3 | 6.97 | 51.63 | 58.60 | OK | |
r-release-linux-x86_64 | 1.2.3 | 7.15 | 51.03 | 58.18 | OK | |
r-release-macos-arm64 | 1.2.3 | 35.00 | OK | |||
r-release-macos-x86_64 | 1.2.3 | 48.00 | OK | |||
r-release-windows-x86_64 | 1.2.3 | 11.00 | 104.00 | 115.00 | OK | |
r-oldrel-macos-arm64 | 1.2.3 | 30.00 | OK | |||
r-oldrel-macos-x86_64 | 1.2.3 | 37.00 | OK | |||
r-oldrel-windows-x86_64 | 1.2.3 | 12.00 | 118.00 | 130.00 | OK |
Version: 1.2.3
Check: whether package can be installed
Result: WARN
Found the following significant warnings:
fastcluster_R.cpp:702:17: warning: format string is not a string literal (potentially insecure) [-Wformat-security]
fastcluster_R.cpp:889:17: warning: format string is not a string literal (potentially insecure) [-Wformat-security]
See ‘/home/hornik/tmp/R.check/r-devel-clang/Work/PKGS/fastcluster.Rcheck/00install.out’ for details.
* used C++ compiler: ‘Debian clang version 17.0.5 (1)’
Flavor: r-devel-linux-x86_64-debian-clang
Version: 1.2.3
Check: whether package can be installed
Result: WARN
Found the following significant warnings:
fastcluster_R.cpp:702:17: warning: format string is not a string literal (potentially insecure) [-Wformat-security]
fastcluster_R.cpp:889:17: warning: format string is not a string literal (potentially insecure) [-Wformat-security]
See ‘/data/gannet/ripley/R/packages/tests-clang/fastcluster.Rcheck/00install.out’ for details.
* used C++ compiler: ‘clang version 17.0.5’
Flavor: r-devel-linux-x86_64-fedora-clang