CRAN Package Check Results for Package fasterElasticNet

Last updated on 2021-07-31 22:53:29 CEST.

Flavor Version Tinstall Tcheck Ttotal Status Flags
r-devel-linux-x86_64-debian-clang 1.1.2 61.24 30.06 91.30 OK
r-devel-linux-x86_64-debian-gcc 1.1.2 37.49 24.24 61.73 OK
r-devel-linux-x86_64-fedora-clang 1.1.2 134.98 NOTE
r-devel-linux-x86_64-fedora-gcc 1.1.2 116.04 OK
r-devel-windows-x86_64 1.1.2 60.00 63.00 123.00 OK
r-devel-windows-x86_64-gcc10-UCRT 1.1.2 OK
r-patched-linux-x86_64 1.1.2 OK
r-patched-solaris-x86 1.1.2 119.30 OK
r-release-linux-x86_64 1.1.2 49.33 29.48 78.81 OK
r-release-macos-arm64 1.1.2 NOTE
r-release-macos-x86_64 1.1.2 NOTE
r-release-windows-ix86+x86_64 1.1.2 146.00 75.00 221.00 NOTE
r-oldrel-macos-x86_64 1.1.2 NOTE
r-oldrel-windows-ix86+x86_64 1.1.2 106.00 82.00 188.00 NOTE

Check Details

Version: 1.1.2
Check: installed package size
Result: NOTE
     installed size is 5.3Mb
     sub-directories of 1Mb or more:
     data 3.1Mb
     libs 2.1Mb
Flavors: r-devel-linux-x86_64-fedora-clang, r-release-macos-arm64, r-release-macos-x86_64, r-release-windows-ix86+x86_64, r-oldrel-macos-x86_64, r-oldrel-windows-ix86+x86_64