CRAN Package Check Results for Package fastqcr

Last updated on 2021-12-04 22:59:33 CET.

Flavor Version Tinstall Tcheck Ttotal Status Flags
r-devel-linux-x86_64-debian-clang 0.1.2 6.04 96.01 102.05 NOTE
r-devel-linux-x86_64-debian-gcc 0.1.2 4.72 70.80 75.52 NOTE
r-devel-linux-x86_64-fedora-clang 0.1.2 116.92 NOTE
r-devel-linux-x86_64-fedora-gcc 0.1.2 106.08 NOTE
r-devel-windows-x86_64-new-UL 0.1.2 15.00 155.00 170.00 NOTE
r-devel-windows-x86_64-new-TK 0.1.2 NOTE
r-devel-windows-x86_64-old 0.1.2 11.00 85.00 96.00 NOTE
r-patched-linux-x86_64 0.1.2 4.76 83.26 88.02 NOTE
r-release-linux-x86_64 0.1.2 4.81 82.01 86.82 NOTE
r-release-macos-arm64 0.1.2 NOTE
r-release-macos-x86_64 0.1.2 NOTE
r-release-windows-ix86+x86_64 0.1.2 14.00 105.00 119.00 NOTE
r-oldrel-macos-x86_64 0.1.2 OK
r-oldrel-windows-ix86+x86_64 0.1.2 15.00 116.00 131.00 OK

Check Details

Version: 0.1.2
Check: LazyData
Result: NOTE
     'LazyData' is specified without a 'data' directory
Flavors: r-devel-linux-x86_64-debian-clang, r-devel-linux-x86_64-debian-gcc, r-devel-linux-x86_64-fedora-clang, r-devel-linux-x86_64-fedora-gcc, r-devel-windows-x86_64-new-UL, r-devel-windows-x86_64-new-TK, r-devel-windows-x86_64-old, r-patched-linux-x86_64, r-release-linux-x86_64, r-release-macos-arm64, r-release-macos-x86_64, r-release-windows-ix86+x86_64