Last updated on 2024-04-18 22:52:40 CEST.
Flavor | Version | Tinstall | Tcheck | Ttotal | Status | Flags |
---|---|---|---|---|---|---|
r-devel-linux-x86_64-debian-clang | 0.7 | 4.39 | 54.26 | 58.65 | OK | |
r-devel-linux-x86_64-debian-gcc | 0.7 | 4.11 | 40.20 | 44.31 | OK | |
r-devel-linux-x86_64-fedora-clang | 0.7 | 74.91 | NOTE | |||
r-devel-linux-x86_64-fedora-gcc | 0.7 | 82.67 | NOTE | |||
r-prerel-macos-arm64 | 0.7 | 30.00 | OK | |||
r-prerel-windows-x86_64 | 0.7 | 6.00 | 60.00 | 66.00 | OK | |
r-patched-linux-x86_64 | 0.7 | 5.06 | 50.80 | 55.86 | OK | |
r-release-linux-x86_64 | 0.7 | 3.67 | 48.45 | 52.12 | OK | |
r-release-macos-arm64 | 0.7 | 32.00 | OK | |||
r-release-macos-x86_64 | 0.7 | 46.00 | OK | |||
r-release-windows-x86_64 | 0.7 | 6.00 | 65.00 | 71.00 | OK | |
r-oldrel-macos-arm64 | 0.7 | 28.00 | NOTE | |||
r-oldrel-windows-x86_64 | 0.7 | 7.00 | 69.00 | 76.00 | OK |
Version: 0.7
Check: dependencies in R code
Result: NOTE
Namespace in Imports field not imported from: ‘ggplot2’
All declared Imports should be used.
Flavors: r-devel-linux-x86_64-fedora-clang, r-devel-linux-x86_64-fedora-gcc, r-oldrel-macos-arm64