Last updated on 2023-10-02 22:07:59 CEST.
Flavor | Version | Tinstall | Tcheck | Ttotal | Status | Flags |
---|---|---|---|---|---|---|
r-devel-linux-x86_64-debian-clang | 0.3.2 | 3.14 | 43.67 | 46.81 | OK | |
r-devel-linux-x86_64-debian-gcc | 0.3.2 | 2.82 | 33.22 | 36.04 | OK | |
r-devel-linux-x86_64-fedora-clang | 0.3.2 | 58.33 | NOTE | |||
r-devel-linux-x86_64-fedora-gcc | 0.3.2 | 67.96 | NOTE | |||
r-devel-windows-x86_64 | 0.3.2 | 5.00 | 65.00 | 70.00 | OK | |
r-patched-linux-x86_64 | 0.3.2 | 4.08 | 41.69 | 45.77 | OK | |
r-release-linux-x86_64 | 0.3.2 | 3.65 | 41.74 | 45.39 | OK | |
r-release-macos-arm64 | 0.3.2 | 31.00 | OK | |||
r-release-macos-x86_64 | 0.3.2 | 97.00 | OK | |||
r-release-windows-x86_64 | 0.3.2 | 5.00 | 64.00 | 69.00 | OK | |
r-oldrel-macos-arm64 | 0.3.2 | 33.00 | OK | |||
r-oldrel-macos-x86_64 | 0.3.2 | 47.00 | OK | |||
r-oldrel-windows-x86_64 | 0.3.2 | 6.00 | 76.00 | 82.00 | OK |
Version: 0.3.2
Check: dependencies in R code
Result: NOTE
Namespaces in Imports field not imported from:
‘collapse’ ‘data.table’ ‘kit’ ‘magrittr’
All declared Imports should be used.
Flavors: r-devel-linux-x86_64-fedora-clang, r-devel-linux-x86_64-fedora-gcc