CRAN Package Check Results for Package fastverse

Last updated on 2021-12-08 22:57:35 CET.

Flavor Version Tinstall Tcheck Ttotal Status Flags
r-devel-linux-x86_64-debian-clang 0.2.1 4.09 132.77 136.86 OK
r-devel-linux-x86_64-debian-gcc 0.2.1 2.16 99.95 102.11 OK
r-devel-linux-x86_64-fedora-clang 0.2.1 168.81 NOTE
r-devel-linux-x86_64-fedora-gcc 0.2.1 156.74 NOTE
r-devel-windows-x86_64-new-UL 0.2.1 19.00 181.00 200.00 OK
r-devel-windows-x86_64-new-TK 0.2.1 NOTE
r-devel-windows-x86_64-old 0.2.1 19.00 155.00 174.00 OK
r-patched-linux-x86_64 0.2.1 4.31 120.55 124.86 OK
r-release-linux-x86_64 0.2.1 3.67 116.52 120.19 OK
r-release-macos-arm64 0.2.1 NOTE
r-release-macos-x86_64 0.2.1 NOTE
r-release-windows-ix86+x86_64 0.2.1 19.00 123.00 142.00 OK
r-oldrel-macos-x86_64 0.2.1 NOTE
r-oldrel-windows-ix86+x86_64 0.2.1 31.00 145.00 176.00 NOTE

Check Details

Version: 0.2.1
Check: dependencies in R code
Result: NOTE
    Namespaces in Imports field not imported from:
     ‘data.table’ ‘fst’ ‘kit’ ‘magrittr’ ‘matrixStats’
     All declared Imports should be used.
Flavors: r-devel-linux-x86_64-fedora-clang, r-devel-linux-x86_64-fedora-gcc, r-devel-windows-x86_64-new-TK, r-release-macos-arm64, r-release-macos-x86_64, r-oldrel-macos-x86_64

Version: 0.2.1
Check: R code for possible problems
Result: NOTE
    fastverse_sitrep: no visible global function definition for ‘...names’
    Undefined global functions or variables:
     ...names
Flavors: r-oldrel-macos-x86_64, r-oldrel-windows-ix86+x86_64