Last updated on 2024-04-23 22:55:21 CEST.
Flavor | Version | Tinstall | Tcheck | Ttotal | Status | Flags |
---|---|---|---|---|---|---|
r-devel-linux-x86_64-debian-clang | 1.0.3 | 11.77 | 97.29 | 109.06 | OK | |
r-devel-linux-x86_64-debian-gcc | 1.0.3 | 10.50 | 70.21 | 80.71 | OK | |
r-devel-linux-x86_64-fedora-clang | 1.0.3 | 131.96 | NOTE | |||
r-devel-linux-x86_64-fedora-gcc | 1.0.3 | 126.70 | NOTE | |||
r-prerel-macos-arm64 | 1.0.3 | 33.00 | OK | |||
r-prerel-windows-x86_64 | 1.0.3 | 12.00 | 81.00 | 93.00 | OK | |
r-patched-linux-x86_64 | 1.0.3 | 14.13 | 90.52 | 104.65 | OK | |
r-release-linux-x86_64 | 1.0.3 | 10.29 | 93.69 | 103.98 | OK | |
r-release-macos-arm64 | 1.0.3 | 39.00 | OK | |||
r-release-macos-x86_64 | 1.0.3 | 98.00 | OK | |||
r-release-windows-x86_64 | 1.0.3 | 16.00 | 99.00 | 115.00 | OK | |
r-oldrel-macos-arm64 | 1.0.3 | 40.00 | OK | |||
r-oldrel-windows-x86_64 | 1.0.3 | 16.00 | 98.00 | 114.00 | OK |
Version: 1.0.3
Check: dependencies in R code
Result: NOTE
Namespaces in Imports field not imported from:
‘assertthat’ ‘utils’
All declared Imports should be used.
Flavors: r-devel-linux-x86_64-fedora-clang, r-devel-linux-x86_64-fedora-gcc