CRAN Package Check Results for Package fcaR

Last updated on 2021-06-11 22:54:08 CEST.

Flavor Version Tinstall Tcheck Ttotal Status Flags
r-devel-linux-x86_64-debian-clang 1.0.7 70.20 109.52 179.72 OK
r-devel-linux-x86_64-debian-gcc 1.0.7 41.83 82.46 124.29 OK
r-devel-linux-x86_64-fedora-clang 1.0.7 238.39 OK
r-devel-linux-x86_64-fedora-gcc 1.0.7 222.38 OK
r-devel-windows-x86_64 1.0.7 81.00 157.00 238.00 OK
r-devel-windows-x86_64-gcc10-UCRT 1.0.7 NOTE
r-patched-linux-x86_64 1.0.7 52.42 103.78 156.20 OK
r-patched-solaris-x86 1.0.7 236.80 OK
r-release-linux-x86_64 1.0.7 49.34 103.48 152.82 OK
r-release-macos-arm64 1.0.7 NOTE
r-release-macos-x86_64 1.0.7 OK
r-release-windows-ix86+x86_64 1.0.7 110.00 186.00 296.00 OK
r-oldrel-macos-x86_64 1.0.7 OK
r-oldrel-windows-ix86+x86_64 1.0.7 110.00 191.00 301.00 OK

Check Details

Version: 1.0.7
Check: package dependencies
Result: NOTE
    Package suggested but not available for checking: 'hasseDiagram'
Flavors: r-devel-windows-x86_64-gcc10-UCRT, r-release-macos-arm64