Last updated on 2024-04-23 22:55:21 CEST.
Flavor | Version | Tinstall | Tcheck | Ttotal | Status | Flags |
---|---|---|---|---|---|---|
r-devel-linux-x86_64-debian-clang | 0.1.0 | 184.30 | 169.59 | 353.89 | NOTE | |
r-devel-linux-x86_64-debian-gcc | 0.1.0 | 175.85 | 131.51 | 307.36 | NOTE | |
r-devel-linux-x86_64-fedora-clang | 0.1.0 | 445.93 | NOTE | |||
r-devel-linux-x86_64-fedora-gcc | 0.1.0 | 511.34 | NOTE | |||
r-prerel-macos-arm64 | 0.1.0 | 118.00 | NOTE | |||
r-prerel-windows-x86_64 | 0.1.0 | 148.00 | 147.00 | 295.00 | NOTE | |
r-patched-linux-x86_64 | 0.1.0 | 135.58 | 172.02 | 307.60 | NOTE | |
r-release-linux-x86_64 | 0.1.0 | 167.03 | 167.35 | 334.38 | NOTE | |
r-release-macos-arm64 | 0.1.0 | 102.00 | NOTE | |||
r-release-macos-x86_64 | 0.1.0 | 144.00 | NOTE | |||
r-release-windows-x86_64 | 0.1.0 | 186.00 | 186.00 | 372.00 | NOTE | |
r-oldrel-macos-arm64 | 0.1.0 | 98.00 | NOTE | |||
r-oldrel-windows-x86_64 | 0.1.0 | 175.00 | 183.00 | 358.00 | NOTE |
Version: 0.1.0
Check: for GNU extensions in Makefiles
Result: NOTE
GNU make is a SystemRequirements.
Flavors: r-devel-linux-x86_64-debian-clang, r-devel-linux-x86_64-debian-gcc, r-devel-linux-x86_64-fedora-clang, r-devel-linux-x86_64-fedora-gcc, r-prerel-macos-arm64, r-prerel-windows-x86_64, r-patched-linux-x86_64, r-release-linux-x86_64, r-release-macos-arm64, r-release-macos-x86_64, r-release-windows-x86_64, r-oldrel-macos-arm64, r-oldrel-windows-x86_64
Version: 0.1.0
Check: dependencies in R code
Result: NOTE
Namespaces in Imports field not imported from:
‘RcppParallel’ ‘rstantools’
All declared Imports should be used.
Flavors: r-devel-linux-x86_64-fedora-clang, r-devel-linux-x86_64-fedora-gcc, r-oldrel-macos-arm64
Version: 0.1.0
Check: installed package size
Result: NOTE
installed size is 48.3Mb
sub-directories of 1Mb or more:
libs 47.8Mb
Flavors: r-prerel-macos-arm64, r-release-macos-arm64, r-release-macos-x86_64, r-oldrel-macos-arm64