CRAN Package Check Results for Package fclust

Last updated on 2021-09-18 23:49:52 CEST.

Flavor Version Tinstall Tcheck Ttotal Status Flags
r-devel-linux-x86_64-debian-clang 2.1.1 169.24 77.41 246.65 OK
r-devel-linux-x86_64-debian-gcc 2.1.1 106.97 57.80 164.77 OK
r-devel-linux-x86_64-fedora-clang 2.1.1 347.62 NOTE
r-devel-linux-x86_64-fedora-gcc 2.1.1 301.22 OK
r-devel-windows-x86_64 2.1.1 140.00 108.00 248.00 OK
r-devel-windows-x86_64-gcc10-UCRT 2.1.1 OK
r-patched-linux-x86_64 2.1.1 130.32 75.44 205.76 OK
r-patched-solaris-x86 2.1.1 280.80 OK
r-release-linux-x86_64 2.1.1 126.92 74.31 201.23 OK
r-release-macos-arm64 2.1.1 NOTE
r-release-macos-x86_64 2.1.1 NOTE
r-release-windows-ix86+x86_64 2.1.1 355.00 98.00 453.00 OK
r-oldrel-macos-x86_64 2.1.1 NOTE
r-oldrel-windows-ix86+x86_64 2.1.1 351.00 100.00 451.00 OK

Check Details

Version: 2.1.1
Check: installed package size
Result: NOTE
     installed size is 9.5Mb
     sub-directories of 1Mb or more:
     libs 8.9Mb
Flavors: r-devel-linux-x86_64-fedora-clang, r-release-macos-arm64, r-release-macos-x86_64, r-oldrel-macos-x86_64