CRAN Package Check Results for Package fcuk

Last updated on 2019-09-22 22:46:46 CEST.

Flavor Version Tinstall Tcheck Ttotal Status Flags
r-devel-linux-x86_64-debian-clang 0.1.21 2.52 43.34 45.86 NOTE
r-devel-linux-x86_64-debian-gcc 0.1.21 1.96 32.81 34.77 NOTE
r-devel-linux-x86_64-fedora-clang 0.1.21 53.64 NOTE
r-devel-linux-x86_64-fedora-gcc 0.1.21 52.28 NOTE
r-devel-windows-ix86+x86_64 0.1.21 17.00 59.00 76.00 OK
r-patched-linux-x86_64 0.1.21 2.14 40.58 42.72 OK
r-patched-solaris-x86 0.1.21 55.30 OK
r-release-linux-x86_64 0.1.21 2.17 40.47 42.64 OK
r-release-windows-ix86+x86_64 0.1.21 9.00 69.00 78.00 OK
r-release-osx-x86_64 0.1.21 OK
r-oldrel-windows-ix86+x86_64 0.1.21 3.00 40.00 43.00 OK
r-oldrel-osx-x86_64 0.1.21 OK

Check Details

Version: 0.1.21
Check: for non-standard things in the check directory
Result: NOTE
    Found the following files/directories:
     '.Rprofile'
Flavors: r-devel-linux-x86_64-debian-clang, r-devel-linux-x86_64-debian-gcc, r-devel-linux-x86_64-fedora-clang, r-devel-linux-x86_64-fedora-gcc