Last updated on 2023-09-21 23:03:19 CEST.
Flavor | Version | Tinstall | Tcheck | Ttotal | Status | Flags |
---|---|---|---|---|---|---|
r-devel-linux-x86_64-debian-clang | 0.1.21 | 4.04 | 44.34 | 48.38 | NOTE | |
r-devel-linux-x86_64-debian-gcc | 0.1.21 | 2.51 | 33.06 | 35.57 | NOTE | |
r-devel-linux-x86_64-fedora-clang | 0.1.21 | 65.28 | NOTE | |||
r-devel-linux-x86_64-fedora-gcc | 0.1.21 | 94.93 | NOTE | |||
r-devel-windows-x86_64 | 0.1.21 | 4.00 | 56.00 | 60.00 | NOTE | |
r-patched-linux-x86_64 | 0.1.21 | 4.35 | 42.17 | 46.52 | NOTE | |
r-release-linux-x86_64 | 0.1.21 | 4.25 | 41.34 | 45.59 | NOTE | |
r-release-macos-arm64 | 0.1.21 | 40.00 | NOTE | |||
r-release-macos-x86_64 | 0.1.21 | 65.00 | NOTE | |||
r-release-windows-x86_64 | 0.1.21 | 5.00 | 58.00 | 63.00 | NOTE | |
r-oldrel-macos-arm64 | 0.1.21 | 29.00 | NOTE | |||
r-oldrel-macos-x86_64 | 0.1.21 | 44.00 | NOTE | |||
r-oldrel-windows-x86_64 | 0.1.21 | 5.00 | 61.00 | 66.00 | NOTE |
Version: 0.1.21
Check: LazyData
Result: NOTE
'LazyData' is specified without a 'data' directory
Flavors: r-devel-linux-x86_64-debian-clang, r-devel-linux-x86_64-debian-gcc, r-devel-linux-x86_64-fedora-clang, r-devel-linux-x86_64-fedora-gcc, r-devel-windows-x86_64, r-patched-linux-x86_64, r-release-linux-x86_64, r-release-macos-arm64, r-release-macos-x86_64, r-release-windows-x86_64, r-oldrel-macos-arm64, r-oldrel-macos-x86_64, r-oldrel-windows-x86_64
Version: 0.1.21
Check: for non-standard things in the check directory
Result: NOTE
Found the following files/directories:
‘.Rprofile’
Flavors: r-devel-linux-x86_64-debian-clang, r-devel-linux-x86_64-debian-gcc, r-devel-linux-x86_64-fedora-clang, r-devel-linux-x86_64-fedora-gcc, r-patched-linux-x86_64, r-release-linux-x86_64