CRAN Package Check Results for Package fcuk

Last updated on 2020-02-21 22:51:06 CET.

Flavor Version Tinstall Tcheck Ttotal Status Flags
r-devel-linux-x86_64-debian-clang 0.1.21 2.60 47.84 50.44 NOTE
r-devel-linux-x86_64-debian-gcc 0.1.21 2.18 35.83 38.01 NOTE
r-devel-linux-x86_64-fedora-clang 0.1.21 60.45 NOTE
r-devel-linux-x86_64-fedora-gcc 0.1.21 57.74 NOTE
r-devel-windows-ix86+x86_64 0.1.21 8.00 47.00 55.00 OK
r-devel-windows-ix86+x86_64-gcc8 0.1.21 16.00 68.00 84.00 OK
r-patched-linux-x86_64 0.1.21 OK
r-patched-solaris-x86 0.1.21 55.80 OK
r-release-linux-x86_64 0.1.21 1.92 40.64 42.56 OK
r-release-windows-ix86+x86_64 0.1.21 6.00 46.00 52.00 OK
r-release-osx-x86_64 0.1.21 OK
r-oldrel-windows-ix86+x86_64 0.1.21 3.00 44.00 47.00 OK
r-oldrel-osx-x86_64 0.1.21 OK

Check Details

Version: 0.1.21
Check: for non-standard things in the check directory
Result: NOTE
    Found the following files/directories:
     '.Rprofile'
Flavors: r-devel-linux-x86_64-debian-clang, r-devel-linux-x86_64-debian-gcc, r-devel-linux-x86_64-fedora-clang, r-devel-linux-x86_64-fedora-gcc