CRAN Package Check Results for Package fda

Last updated on 2019-10-16 22:55:57 CEST.

Flavor Version Tinstall Tcheck Ttotal Status Flags
r-devel-linux-x86_64-debian-clang 2.4.8 26.83 183.93 210.76 NOTE
r-devel-linux-x86_64-debian-gcc 2.4.8 23.59 139.00 162.59 NOTE
r-devel-linux-x86_64-fedora-clang 2.4.8 260.45 NOTE
r-devel-linux-x86_64-fedora-gcc 2.4.8 246.59 NOTE
r-devel-windows-ix86+x86_64 2.4.8 56.00 271.00 327.00 OK
r-patched-linux-x86_64 2.4.8 24.66 179.85 204.51 OK
r-patched-solaris-x86 2.4.8 323.40 OK
r-release-linux-x86_64 2.4.8 24.70 180.27 204.97 OK
r-release-windows-ix86+x86_64 2.4.8 34.00 263.00 297.00 OK
r-release-osx-x86_64 2.4.8 OK
r-oldrel-windows-ix86+x86_64 2.4.8 34.00 171.00 205.00 OK
r-oldrel-osx-x86_64 2.4.8 OK

Check Details

Version: 2.4.8
Check: for non-standard things in the check directory
Result: NOTE
    Found the following files/directories:
     'fdaMatlabPath.m'
Flavors: r-devel-linux-x86_64-debian-clang, r-devel-linux-x86_64-debian-gcc, r-devel-linux-x86_64-fedora-clang, r-devel-linux-x86_64-fedora-gcc