Last updated on 2023-09-28 23:08:45 CEST.
Flavor | Version | Tinstall | Tcheck | Ttotal | Status | Flags |
---|---|---|---|---|---|---|
r-devel-linux-x86_64-debian-clang | 1.0.0 | 2.60 | 42.30 | 44.90 | OK | |
r-devel-linux-x86_64-debian-gcc | 1.0.0 | 2.47 | 32.04 | 34.51 | OK | |
r-devel-linux-x86_64-fedora-clang | 1.0.0 | 55.03 | OK | |||
r-devel-linux-x86_64-fedora-gcc | 1.0.0 | 54.26 | OK | |||
r-devel-windows-x86_64 | 1.0.0 | 4.00 | 60.00 | 64.00 | OK | |
r-patched-linux-x86_64 | 1.0.0 | 1.98 | 41.19 | 43.17 | OK | |
r-release-linux-x86_64 | 1.0.0 | 1.97 | 41.07 | 43.04 | OK | |
r-release-macos-arm64 | 1.0.0 | 22.00 | OK | |||
r-release-macos-x86_64 | 1.0.0 | 30.00 | NOTE | |||
r-release-windows-x86_64 | 1.0.0 | 6.00 | 64.00 | 70.00 | OK | |
r-oldrel-macos-arm64 | 1.0.0 | 22.00 | OK | |||
r-oldrel-macos-x86_64 | 1.0.0 | 33.00 | OK | |||
r-oldrel-windows-x86_64 | 1.0.0 | 6.00 | 64.00 | 70.00 | OK |
Version: 1.0.0
Check: package dependencies
Result: NOTE
Package suggested but not available for checking: ‘fields’
Flavor: r-release-macos-x86_64