Last updated on 2023-09-23 23:00:46 CEST.
Flavor | Version | Tinstall | Tcheck | Ttotal | Status | Flags |
---|---|---|---|---|---|---|
r-devel-linux-x86_64-debian-clang | 1.1-16 | 1277.89 | 197.59 | 1475.48 | NOTE | |
r-devel-linux-x86_64-debian-gcc | 1.1-16 | 1099.10 | 198.33 | 1297.43 | NOTE | |
r-devel-linux-x86_64-fedora-clang | 1.1-16 | 1936.18 | NOTE | |||
r-devel-linux-x86_64-fedora-gcc | 1.1-16 | 2413.47 | NOTE | |||
r-devel-windows-x86_64 | 1.1-16 | 842.00 | 257.00 | 1099.00 | NOTE | |
r-patched-linux-x86_64 | 1.1-16 | 1048.38 | 253.13 | 1301.51 | NOTE | |
r-release-linux-x86_64 | 1.1-16 | 0.02 | 2.89 | 2.91 | ERROR | |
r-release-macos-arm64 | 1.1-16 | 557.00 | NOTE | |||
r-release-macos-x86_64 | 1.1-16 | 919.00 | NOTE | |||
r-release-windows-x86_64 | 1.1-16 | 1144.00 | 318.00 | 1462.00 | NOTE | |
r-oldrel-macos-arm64 | 1.1-16 | 467.00 | NOTE | |||
r-oldrel-macos-x86_64 | 1.1-16 | 697.00 | NOTE | |||
r-oldrel-windows-x86_64 | 1.1-16 | 1096.00 | 279.00 | 1375.00 | NOTE |
Version: 1.1-16
Check: for GNU extensions in Makefiles
Result: NOTE
GNU make is a SystemRequirements.
Flavors: r-devel-linux-x86_64-debian-clang, r-devel-linux-x86_64-debian-gcc, r-devel-linux-x86_64-fedora-clang, r-devel-linux-x86_64-fedora-gcc, r-devel-windows-x86_64, r-patched-linux-x86_64, r-release-macos-arm64, r-release-macos-x86_64, r-release-windows-x86_64, r-oldrel-macos-arm64, r-oldrel-macos-x86_64, r-oldrel-windows-x86_64
Version: 1.1-16
Check: installed package size
Result: NOTE
installed size is 13.9Mb
sub-directories of 1Mb or more:
libs 12.8Mb
Flavors: r-devel-linux-x86_64-fedora-clang, r-devel-windows-x86_64, r-release-macos-arm64, r-release-macos-x86_64, r-release-windows-x86_64, r-oldrel-macos-arm64, r-oldrel-macos-x86_64, r-oldrel-windows-x86_64
Version: 1.1-16
Check: whether package can be installed
Result: ERROR
Installation failed.
Flavor: r-release-linux-x86_64