CRAN Package Check Results for Package fdaPOIFD

Last updated on 2021-12-05 22:48:51 CET.

Flavor Version Tinstall Tcheck Ttotal Status Flags
r-devel-linux-x86_64-debian-clang 1.0.2 6.12 77.40 83.52 OK
r-devel-linux-x86_64-debian-gcc 1.0.2 4.69 57.60 62.29 OK
r-devel-linux-x86_64-fedora-clang 1.0.2 101.15 NOTE
r-devel-linux-x86_64-fedora-gcc 1.0.2 85.77 NOTE
r-devel-windows-x86_64-new-UL 1.0.2 14.00 110.00 124.00 OK
r-devel-windows-x86_64-new-TK 1.0.2 NOTE
r-devel-windows-x86_64-old 1.0.2 11.00 69.00 80.00 OK
r-patched-linux-x86_64 1.0.2 4.51 63.18 67.69 OK
r-release-linux-x86_64 1.0.2 4.05 70.57 74.62 OK
r-release-macos-arm64 1.0.2 NOTE
r-release-macos-x86_64 1.0.2 NOTE
r-release-windows-ix86+x86_64 1.0.2 16.00 86.00 102.00 OK
r-oldrel-macos-x86_64 1.0.2 NOTE
r-oldrel-windows-ix86+x86_64 1.0.2 16.00 88.00 104.00 OK

Check Details

Version: 1.0.2
Check: dependencies in R code
Result: NOTE
    Namespaces in Imports field not imported from:
     ‘FastGP’ ‘MASS’ ‘fdapace’
     All declared Imports should be used.
Flavors: r-devel-linux-x86_64-fedora-clang, r-devel-linux-x86_64-fedora-gcc, r-devel-windows-x86_64-new-TK, r-release-macos-arm64, r-release-macos-x86_64, r-oldrel-macos-x86_64