CRAN Package Check Results for Package fdapace

Last updated on 2019-11-18 22:47:10 CET.

Flavor Version Tinstall Tcheck Ttotal Status Flags
r-devel-linux-x86_64-debian-clang 0.5.1 300.62 293.02 593.64 OK
r-devel-linux-x86_64-debian-gcc 0.5.1 229.44 225.37 454.81 OK
r-devel-linux-x86_64-fedora-clang 0.5.1 784.06 NOTE
r-devel-linux-x86_64-fedora-gcc 0.5.1 742.27 OK
r-devel-windows-ix86+x86_64 0.5.1 611.00 501.00 1112.00 NOTE
r-patched-linux-x86_64 0.5.1 259.84 277.81 537.65 OK
r-patched-solaris-x86 0.5.1 752.00 OK
r-release-linux-x86_64 0.5.1 246.54 280.81 527.35 OK
r-release-windows-ix86+x86_64 0.5.1 452.00 350.00 802.00 NOTE
r-release-osx-x86_64 0.5.1 NOTE
r-oldrel-windows-ix86+x86_64 0.5.1 399.00 468.00 867.00 NOTE
r-oldrel-osx-x86_64 0.5.1 NOTE

Check Details

Version: 0.5.1
Check: installed package size
Result: NOTE
     installed size is 46.4Mb
     sub-directories of 1Mb or more:
     doc 2.9Mb
     libs 42.8Mb
Flavors: r-devel-linux-x86_64-fedora-clang, r-devel-windows-ix86+x86_64, r-release-windows-ix86+x86_64, r-release-osx-x86_64, r-oldrel-windows-ix86+x86_64, r-oldrel-osx-x86_64

Version: 0.5.1
Check: dependencies in R code
Result: NOTE
    No protocol specified
    No protocol specified
    No protocol specified
Flavors: r-release-osx-x86_64, r-oldrel-osx-x86_64