CRAN Package Check Results for Package fdapace

Last updated on 2019-07-22 22:48:00 CEST.

Flavor Version Tinstall Tcheck Ttotal Status Flags
r-devel-linux-x86_64-debian-clang 0.4.1 260.59 167.05 427.64 OK
r-devel-linux-x86_64-debian-gcc 0.4.1 218.56 134.55 353.11 OK
r-devel-linux-x86_64-fedora-clang 0.4.1 607.55 NOTE
r-devel-linux-x86_64-fedora-gcc 0.4.1 609.84 OK
r-devel-windows-ix86+x86_64 0.4.1 419.00 318.00 737.00 OK
r-patched-linux-x86_64 0.4.1 264.81 171.14 435.95 OK
r-patched-solaris-x86 0.4.1 562.00 OK
r-release-linux-x86_64 0.4.1 272.55 172.03 444.58 OK
r-release-windows-ix86+x86_64 0.4.1 432.00 230.00 662.00 OK
r-release-osx-x86_64 0.4.1 NOTE
r-oldrel-windows-ix86+x86_64 0.4.1 582.00 203.00 785.00 OK
r-oldrel-osx-x86_64 0.4.1 NOTE

Check Details

Version: 0.4.1
Check: installed package size
Result: NOTE
     installed size is 43.7Mb
     sub-directories of 1Mb or more:
     libs 42.2Mb
Flavors: r-devel-linux-x86_64-fedora-clang, r-release-osx-x86_64, r-oldrel-osx-x86_64