CRAN Package Check Results for Package fdasrvf

Last updated on 2021-05-16 22:49:50 CEST.

Flavor Version Tinstall Tcheck Ttotal Status Flags
r-devel-linux-x86_64-debian-clang 1.9.6 103.25 214.20 317.45 OK
r-devel-linux-x86_64-debian-gcc 1.9.6 70.89 161.34 232.23 OK
r-devel-linux-x86_64-fedora-clang 1.9.6 401.04 NOTE
r-devel-linux-x86_64-fedora-gcc 1.9.6 380.23 OK
r-devel-windows-ix86+x86_64 1.9.6 234.00 292.00 526.00 NOTE
r-devel-windows-x86_64-gcc10-UCRT 1.9.6 OK
r-patched-linux-x86_64 1.9.6 85.83 209.58 295.41 OK
r-patched-solaris-x86 1.9.6 464.90 OK
r-release-linux-x86_64 1.9.6 85.76 199.65 285.41 OK
r-release-macos-x86_64 1.9.6 NOTE
r-release-windows-ix86+x86_64 1.9.6 192.00 294.00 486.00 NOTE
r-oldrel-macos-x86_64 1.9.6 WARN
r-oldrel-windows-ix86+x86_64 1.9.6 147.00 263.00 410.00 OK

Check Details

Version: 1.9.6
Check: installed package size
Result: NOTE
     installed size is 5.8Mb
     sub-directories of 1Mb or more:
     data 2.3Mb
     libs 2.9Mb
Flavors: r-devel-linux-x86_64-fedora-clang, r-devel-windows-ix86+x86_64, r-release-macos-x86_64, r-release-windows-ix86+x86_64, r-oldrel-macos-x86_64

Version: 1.9.6
Check: whether package can be installed
Result: WARN
    Found the following significant warnings:
     Warning: 'rgl.init' failed, running with 'rgl.useNULL = TRUE'.
Flavor: r-oldrel-macos-x86_64