CRAN Package Check Results for Package fdm2id

Last updated on 2021-05-12 22:53:29 CEST.

Flavor Version Tinstall Tcheck Ttotal Status Flags
r-devel-linux-x86_64-debian-clang 0.9.5 14.95 147.30 162.25 OK
r-devel-linux-x86_64-debian-gcc 0.9.5 13.14 113.30 126.44 OK
r-devel-linux-x86_64-fedora-clang 0.9.5 202.62 NOTE
r-devel-linux-x86_64-fedora-gcc 0.9.5 201.02 NOTE
r-devel-windows-ix86+x86_64 0.9.5 33.00 163.00 196.00 OK
r-devel-windows-x86_64-gcc10-UCRT 0.9.5 NOTE
r-patched-linux-x86_64 0.9.5 18.08 142.70 160.78 OK
r-patched-solaris-x86 0.9.5 274.30 NOTE
r-release-linux-x86_64 0.9.5 12.90 139.13 152.03 OK
r-release-macos-x86_64 0.9.5 NOTE
r-release-windows-ix86+x86_64 0.9.5 25.00 220.00 245.00 OK
r-oldrel-macos-x86_64 0.9.5 NOTE
r-oldrel-windows-ix86+x86_64 0.9.5 26.00 5.00 31.00 ERROR

Check Details

Version: 0.9.5
Check: package dependencies
Result: NOTE
    Imports includes 26 non-default packages.
    Importing from so many packages makes the package vulnerable to any of
    them becoming unavailable. Move as many as possible to Suggests and
    use conditionally.
Flavor: r-devel-linux-x86_64-fedora-clang

Version: 0.9.5
Check: data for non-ASCII characters
Result: NOTE
     Note: found 3 marked Latin-1 strings
     Note: found 3 marked UTF-8 strings
Flavors: r-devel-linux-x86_64-fedora-clang, r-devel-linux-x86_64-fedora-gcc, r-devel-windows-x86_64-gcc10-UCRT, r-patched-solaris-x86, r-release-macos-x86_64, r-oldrel-macos-x86_64

Version: 0.9.5
Check: whether package can be installed
Result: ERROR
    Installation failed.
Flavor: r-oldrel-windows-ix86+x86_64