CRAN Package Check Results for Package feasts

Last updated on 2021-07-27 01:50:42 CEST.

Flavor Version Tinstall Tcheck Ttotal Status Flags
r-devel-linux-x86_64-debian-clang 0.2.2 10.65 141.88 152.53 OK
r-devel-linux-x86_64-debian-gcc 0.2.2 8.36 102.18 110.54 OK
r-devel-linux-x86_64-fedora-clang 0.2.2 184.41 NOTE
r-devel-linux-x86_64-fedora-gcc 0.2.2 170.65 NOTE
r-devel-windows-x86_64 0.2.2 17.00 176.00 193.00 OK
r-devel-windows-x86_64-gcc10-UCRT 0.2.2 NOTE
r-patched-linux-x86_64 0.2.2 9.69 131.14 140.83 OK
r-patched-solaris-x86 0.2.2 224.10 NOTE
r-release-linux-x86_64 0.2.2 9.30 131.44 140.74 OK
r-release-macos-arm64 0.2.2 WARN
r-release-macos-x86_64 0.2.2 NOTE
r-release-windows-ix86+x86_64 0.2.2 24.00 130.00 154.00 OK
r-oldrel-macos-x86_64 0.2.2 NOTE
r-oldrel-windows-ix86+x86_64 0.2.2 39.00 178.00 217.00 OK

Check Details

Version: 0.2.2
Check: dependencies in R code
Result: NOTE
    Namespace in Imports field not imported from: ‘scales’
     All declared Imports should be used.
Flavors: r-devel-linux-x86_64-fedora-clang, r-devel-linux-x86_64-fedora-gcc, r-devel-windows-x86_64-gcc10-UCRT, r-patched-solaris-x86, r-release-macos-arm64, r-release-macos-x86_64, r-oldrel-macos-x86_64

Version: 0.2.2
Check: package dependencies
Result: NOTE
    Package suggested but not available for checking: ‘seasonal’
Flavor: r-patched-solaris-x86

Version: 0.2.2
Check: re-building of vignette outputs
Result: WARN
    Error(s) in re-building vignettes:
    --- re-building ‘feasts.Rmd’ using rmarkdown
    Warning in engine$weave(file, quiet = quiet, encoding = enc) :
     Pandoc (>= 1.12.3) not available. Falling back to R Markdown v1.
    Loading required package: fabletools
    
    Attaching package: 'tsibble'
    
    The following objects are masked from 'package:base':
    
     intersect, setdiff, union
    
    
    Attaching package: 'dplyr'
    
    The following objects are masked from 'package:stats':
    
     filter, lag
    
    The following objects are masked from 'package:base':
    
     intersect, setdiff, setequal, union
    
    Quitting from lines 40-42 (feasts.Rmd)
    Error: processing vignette 'feasts.Rmd' failed with diagnostics:
    polygon edge not found
    --- failed re-building ‘feasts.Rmd’
    
    SUMMARY: processing the following file failed:
     ‘feasts.Rmd’
    
    Error: Vignette re-building failed.
    Execution halted
Flavor: r-release-macos-arm64