CRAN Package Check Results for Package featureflag

Last updated on 2021-11-30 22:54:30 CET.

Flavor Version Tinstall Tcheck Ttotal Status Flags
r-devel-linux-x86_64-debian-clang 0.1.0 1.78 24.14 25.92 NOTE
r-devel-linux-x86_64-debian-gcc 0.1.0 1.44 20.85 22.29 NOTE
r-devel-linux-x86_64-fedora-clang 0.1.0 43.42 NOTE
r-devel-linux-x86_64-fedora-gcc 0.1.0 32.31 NOTE
r-devel-windows-x86_64-new-UL 0.1.0 8.00 64.00 72.00 NOTE
r-devel-windows-x86_64-new-TK 0.1.0 NOTE
r-devel-windows-x86_64-old 0.1.0 4.00 36.00 40.00 NOTE
r-patched-linux-x86_64 0.1.0 1.95 23.61 25.56 NOTE
r-patched-solaris-x86 0.1.0 50.50 NOTE
r-release-linux-x86_64 0.1.0 1.82 24.11 25.93 NOTE
r-release-macos-arm64 0.1.0 NOTE
r-release-macos-x86_64 0.1.0 NOTE
r-release-windows-ix86+x86_64 0.1.0 5.00 31.00 36.00 NOTE
r-oldrel-macos-x86_64 0.1.0 OK
r-oldrel-windows-ix86+x86_64 0.1.0 5.00 40.00 45.00 OK

Check Details

Version: 0.1.0
Check: LazyData
Result: NOTE
     'LazyData' is specified without a 'data' directory
Flavors: r-devel-linux-x86_64-debian-clang, r-devel-linux-x86_64-debian-gcc, r-devel-linux-x86_64-fedora-clang, r-devel-linux-x86_64-fedora-gcc, r-devel-windows-x86_64-new-UL, r-devel-windows-x86_64-new-TK, r-devel-windows-x86_64-old, r-patched-linux-x86_64, r-patched-solaris-x86, r-release-linux-x86_64, r-release-macos-arm64, r-release-macos-x86_64, r-release-windows-ix86+x86_64