Last updated on 2024-04-26 22:54:42 CEST.
Flavor | Version | Tinstall | Tcheck | Ttotal | Status | Flags |
---|---|---|---|---|---|---|
r-devel-linux-x86_64-debian-clang | 1.0.3 | 4.23 | 32.46 | 36.69 | OK | |
r-devel-linux-x86_64-debian-gcc | 1.0.3 | 2.44 | 24.75 | 27.19 | OK | |
r-devel-linux-x86_64-fedora-clang | 1.0.3 | 44.86 | NOTE | |||
r-devel-linux-x86_64-fedora-gcc | 1.0.3 | 43.04 | NOTE | |||
r-devel-windows-x86_64 | 1.0.3 | 4.00 | 46.00 | 50.00 | OK | |
r-patched-linux-x86_64 | 1.0.3 | 4.35 | 29.88 | 34.23 | OK | |
r-release-linux-x86_64 | 1.0.3 | 3.76 | 30.35 | 34.11 | OK | |
r-release-macos-arm64 | 1.0.3 | 18.00 | OK | |||
r-release-windows-x86_64 | 1.0.3 | 5.00 | 46.00 | 51.00 | OK | |
r-oldrel-macos-arm64 | 1.0.3 | 20.00 | OK | |||
r-oldrel-macos-x86_64 | 1.0.3 | 25.00 | OK | |||
r-oldrel-windows-x86_64 | 1.0.3 | 6.00 | 49.00 | 55.00 | OK |
Version: 1.0.3
Check: data for non-ASCII characters
Result: NOTE
Note: found 43825 marked UTF-8 strings
Flavors: r-devel-linux-x86_64-fedora-clang, r-devel-linux-x86_64-fedora-gcc