CRAN Package Check Results for Package fedstatAPIr

Last updated on 2023-10-04 00:01:47 CEST.

Flavor Version Tinstall Tcheck Ttotal Status Flags
r-devel-linux-x86_64-debian-clang 1.0.3 3.81 31.45 35.26 OK
r-devel-linux-x86_64-debian-gcc 1.0.3 2.67 24.21 26.88 OK
r-devel-linux-x86_64-fedora-clang 1.0.3 43.58 NOTE
r-devel-linux-x86_64-fedora-gcc 1.0.3 42.53 NOTE
r-devel-windows-x86_64 1.0.3 5.00 46.00 51.00 OK
r-patched-linux-x86_64 1.0.3 4.55 30.57 35.12 OK
r-release-linux-x86_64 1.0.3 4.23 30.53 34.76 OK
r-release-macos-arm64 1.0.3 20.00 OK
r-release-macos-x86_64 1.0.3 25.00 OK
r-release-windows-x86_64 1.0.3 6.00 48.00 54.00 OK
r-oldrel-macos-arm64 1.0.3 23.00 OK
r-oldrel-macos-x86_64 1.0.3 34.00 OK
r-oldrel-windows-x86_64 1.0.3 7.00 51.00 58.00 OK

Check Details

Version: 1.0.3
Check: data for non-ASCII characters
Result: NOTE
     Note: found 43825 marked UTF-8 strings
Flavors: r-devel-linux-x86_64-fedora-clang, r-devel-linux-x86_64-fedora-gcc