CRAN Package Check Results for Package fftw

Last updated on 2021-09-25 22:54:05 CEST.

Flavor Version Tinstall Tcheck Ttotal Status Flags
r-devel-linux-x86_64-debian-clang 1.0-6 3.65 22.06 25.71 WARN
r-devel-linux-x86_64-debian-gcc 1.0-6 2.62 17.74 20.36 WARN
r-devel-linux-x86_64-fedora-clang 1.0-6 41.18 OK
r-devel-linux-x86_64-fedora-gcc 1.0-6 30.40 OK
r-devel-windows-x86_64 1.0-6 5.00 27.00 32.00 OK
r-devel-windows-x86_64-gcc10-UCRT 1.0-6 OK
r-patched-linux-x86_64 1.0-6 3.06 21.60 24.66 WARN
r-patched-solaris-x86 1.0-6 44.80 OK
r-release-linux-x86_64 1.0-6 2.94 21.90 24.84 WARN
r-release-macos-arm64 1.0-6 OK
r-release-macos-x86_64 1.0-6 OK
r-release-windows-ix86+x86_64 1.0-6 9.00 35.00 44.00 OK
r-oldrel-macos-x86_64 1.0-6 OK
r-oldrel-windows-ix86+x86_64 1.0-6 8.00 33.00 41.00 OK

Check Details

Version: 1.0-6
Check: top-level files
Result: WARN
     Output from running autoreconf:
     configure.ac:198: warning: AC_OUTPUT should be used without arguments.
     configure.ac:198: You should run autoupdate.
Flavors: r-devel-linux-x86_64-debian-clang, r-devel-linux-x86_64-debian-gcc, r-patched-linux-x86_64, r-release-linux-x86_64