CRAN Package Check Results for Package fgac

Last updated on 2021-06-18 22:54:27 CEST.

Flavor Version Tinstall Tcheck Ttotal Status Flags
r-devel-linux-x86_64-debian-clang 0.6-1 3.41 30.54 33.95 NOTE
r-devel-linux-x86_64-debian-gcc 0.6-1 3.16 23.87 27.03 NOTE
r-devel-linux-x86_64-fedora-clang 0.6-1 50.53 NOTE
r-devel-linux-x86_64-fedora-gcc 0.6-1 40.22 NOTE
r-devel-windows-x86_64 0.6-1 6.00 44.00 50.00 NOTE
r-devel-windows-x86_64-gcc10-UCRT 0.6-1 NOTE
r-patched-linux-x86_64 0.6-1 3.77 29.73 33.50 NOTE
r-patched-solaris-x86 0.6-1 56.40 NOTE
r-release-linux-x86_64 0.6-1 3.94 29.67 33.61 NOTE
r-release-macos-arm64 0.6-1 NOTE
r-release-macos-x86_64 0.6-1 NOTE
r-release-windows-ix86+x86_64 0.6-1 7.00 32.00 39.00 NOTE
r-oldrel-macos-x86_64 0.6-1 NOTE
r-oldrel-windows-ix86+x86_64 0.6-1 5.00 33.00 38.00 NOTE

Check Details

Version: 0.6-1
Check: R code for possible problems
Result: NOTE
    ftest: no visible global function definition for 'wilcox.test'
    ftest: no visible global function definition for 't.test'
    Undefined global functions or variables:
     t.test wilcox.test
    Consider adding
     importFrom("stats", "t.test", "wilcox.test")
    to your NAMESPACE file.
Flavors: r-devel-linux-x86_64-debian-clang, r-devel-linux-x86_64-debian-gcc, r-devel-linux-x86_64-fedora-clang, r-devel-linux-x86_64-fedora-gcc, r-devel-windows-x86_64, r-devel-windows-x86_64-gcc10-UCRT, r-patched-linux-x86_64, r-patched-solaris-x86, r-release-linux-x86_64, r-release-macos-arm64, r-release-macos-x86_64, r-release-windows-ix86+x86_64, r-oldrel-macos-x86_64, r-oldrel-windows-ix86+x86_64