CRAN Package Check Results for Package fgdr

Last updated on 2021-10-28 01:48:48 CEST.

Flavor Version Tinstall Tcheck Ttotal Status Flags
r-devel-linux-x86_64-debian-clang 1.1.0 23.63 250.84 274.47 NOTE
r-devel-linux-x86_64-debian-gcc 1.1.0 21.56 184.16 205.72 NOTE
r-devel-linux-x86_64-fedora-clang 1.1.0 329.57 NOTE
r-devel-linux-x86_64-fedora-gcc 1.1.0 319.10 NOTE
r-devel-windows-x86_64 1.1.0 40.00 268.00 308.00 NOTE
r-devel-windows-x86_64-gcc10-UCRT 1.1.0 NOTE
r-patched-linux-x86_64 1.1.0 22.20 237.61 259.81 NOTE
r-patched-solaris-x86 1.1.0 399.80 NOTE
r-release-linux-x86_64 1.1.0 23.74 239.38 263.12 NOTE
r-release-macos-arm64 1.1.0 NOTE
r-release-macos-x86_64 1.1.0 NOTE
r-release-windows-ix86+x86_64 1.1.0 42.00 270.00 312.00 NOTE
r-oldrel-macos-x86_64 1.1.0 OK
r-oldrel-windows-ix86+x86_64 1.1.0 47.00 200.00 247.00 OK

Check Details

Version: 1.1.0
Check: LazyData
Result: NOTE
     'LazyData' is specified without a 'data' directory
Flavors: r-devel-linux-x86_64-debian-clang, r-devel-linux-x86_64-debian-gcc, r-devel-linux-x86_64-fedora-clang, r-devel-linux-x86_64-fedora-gcc, r-devel-windows-x86_64, r-devel-windows-x86_64-gcc10-UCRT, r-patched-linux-x86_64, r-patched-solaris-x86, r-release-linux-x86_64, r-release-macos-arm64, r-release-macos-x86_64, r-release-windows-ix86+x86_64